Last updated on 2024-03-28 14:48:40 CET.
Flavor | Version | Tinstall | Tcheck | Ttotal | Status | Flags |
---|---|---|---|---|---|---|
r-devel-linux-x86_64-debian-clang | 0.1.6.2 | 44.75 | 36.80 | 81.55 | NOTE | |
r-devel-linux-x86_64-debian-gcc | 0.1.6.2 | 33.97 | 27.71 | 61.68 | NOTE | |
r-devel-linux-x86_64-fedora-clang | 0.1.6.2 | 109.36 | NOTE | |||
r-devel-linux-x86_64-fedora-gcc | 0.1.6.2 | 106.96 | NOTE | |||
r-devel-windows-x86_64 | 0.1.6.2 | 32.00 | 69.00 | 101.00 | NOTE | |
r-patched-linux-x86_64 | 0.1.6.2 | 42.92 | 34.16 | 77.08 | NOTE | |
r-release-linux-x86_64 | 0.1.6.2 | 42.58 | 34.58 | 77.16 | NOTE | |
r-release-macos-arm64 | 0.1.6.2 | 16.00 | ERROR | |||
r-release-macos-x86_64 | 0.1.6.2 | 14.00 | ERROR | |||
r-release-windows-x86_64 | 0.1.6.2 | 38.00 | 78.00 | 116.00 | NOTE | |
r-oldrel-macos-arm64 | 0.1.6.2 | 17.00 | ERROR | |||
r-oldrel-windows-x86_64 | 0.1.6.2 | 36.00 | 75.00 | 111.00 | NOTE |
Version: 0.1.6.2
Check: LazyData
Result: NOTE
'LazyData' is specified without a 'data' directory
Flavors: r-devel-linux-x86_64-debian-clang, r-devel-linux-x86_64-debian-gcc, r-devel-linux-x86_64-fedora-clang, r-devel-linux-x86_64-fedora-gcc, r-devel-windows-x86_64, r-patched-linux-x86_64, r-release-linux-x86_64, r-release-windows-x86_64, r-oldrel-windows-x86_64
Version: 0.1.6.2
Check: whether package can be installed
Result: ERROR
Installation failed.
Flavors: r-release-macos-arm64, r-release-macos-x86_64, r-oldrel-macos-arm64