Last updated on 2025-01-19 05:49:19 CET.
Flavor | Version | Tinstall | Tcheck | Ttotal | Status | Flags |
---|---|---|---|---|---|---|
r-devel-linux-x86_64-debian-clang | 0.1.6.2 | 19.68 | 28.53 | 48.21 | OK | |
r-devel-linux-x86_64-debian-gcc | 0.1.6.2 | 14.69 | 22.44 | 37.13 | OK | |
r-devel-linux-x86_64-fedora-clang | 0.1.6.2 | 89.16 | OK | |||
r-devel-linux-x86_64-fedora-gcc | 0.1.6.2 | 93.33 | OK | |||
r-devel-windows-x86_64 | 0.1.6.2 | 24.00 | 70.00 | 94.00 | OK | |
r-patched-linux-x86_64 | 0.1.6.2 | 21.02 | 27.21 | 48.23 | NOTE | |
r-release-linux-x86_64 | 0.1.6.2 | 21.01 | 27.01 | 48.02 | NOTE | |
r-release-macos-arm64 | 0.1.6.2 | 14.00 | ERROR | |||
r-release-macos-x86_64 | 0.1.6.2 | 20.00 | ERROR | |||
r-release-windows-x86_64 | 0.1.6.2 | 22.00 | 71.00 | 93.00 | NOTE | |
r-oldrel-macos-arm64 | 0.1.6.2 | 13.00 | ERROR | |||
r-oldrel-macos-x86_64 | 0.1.6.2 | 19.00 | ERROR | |||
r-oldrel-windows-x86_64 | 0.1.6.2 | 26.00 | 79.00 | 105.00 | NOTE |
Version: 0.1.6.2
Check: LazyData
Result: NOTE
'LazyData' is specified without a 'data' directory
Flavors: r-patched-linux-x86_64, r-release-linux-x86_64, r-release-windows-x86_64, r-oldrel-windows-x86_64
Version: 0.1.6.2
Check: whether package can be installed
Result: ERROR
Installation failed.
Flavors: r-release-macos-arm64, r-release-macos-x86_64, r-oldrel-macos-arm64, r-oldrel-macos-x86_64