Last updated on 2024-03-27 20:50:08 CET.
Flavor | Version | Tinstall | Tcheck | Ttotal | Status | Flags |
---|---|---|---|---|---|---|
r-devel-linux-x86_64-debian-clang | 0.7-2 | 7.71 | 43.67 | 51.38 | OK | |
r-devel-linux-x86_64-debian-gcc | 0.7-2 | 7.11 | 34.43 | 41.54 | OK | |
r-devel-linux-x86_64-fedora-clang | 0.7-2 | 74.39 | OK | |||
r-devel-linux-x86_64-fedora-gcc | 0.7-2 | 73.91 | OK | |||
r-devel-windows-x86_64 | 0.7-2 | 57.00 | 59.00 | 116.00 | OK | |
r-patched-linux-x86_64 | 0.7-2 | 9.55 | 43.50 | 53.05 | OK | |
r-release-linux-x86_64 | 0.7-2 | 6.97 | 43.32 | 50.29 | OK | |
r-release-macos-x86_64 | 0.7-2 | 55.00 | ERROR | |||
r-release-windows-x86_64 | 0.7-2 | 57.00 | 70.00 | 127.00 | OK | |
r-oldrel-macos-arm64 | 0.6-9.2 | 10.00 | ERROR | |||
r-oldrel-windows-x86_64 | 0.7-2 | 61.00 | 70.00 | 131.00 | OK |
Version: 0.7-2
Check: whether package can be installed
Result: ERROR
Installation failed.
Flavor: r-release-macos-x86_64
Version: 0.6-9.2
Check: whether package can be installed
Result: ERROR
Installation failed.
Flavor: r-oldrel-macos-arm64