Last updated on 2025-01-19 05:49:19 CET.
Flavor | Version | Tinstall | Tcheck | Ttotal | Status | Flags |
---|---|---|---|---|---|---|
r-devel-linux-x86_64-debian-clang | 0.0.3 | 54.15 | 22.20 | 76.35 | OK | |
r-devel-linux-x86_64-debian-gcc | 0.0.3 | 48.67 | 17.32 | 65.99 | OK | |
r-devel-linux-x86_64-fedora-clang | 0.0.3 | 114.39 | OK | |||
r-devel-linux-x86_64-fedora-gcc | 0.0.3 | 177.33 | OK | |||
r-devel-windows-x86_64 | 0.0.3 | 59.00 | 83.00 | 142.00 | OK | |
r-patched-linux-x86_64 | 0.0.3 | 64.02 | 21.16 | 85.18 | OK | |
r-release-linux-x86_64 | 0.0.3 | 68.84 | 21.20 | 90.04 | OK | |
r-release-macos-arm64 | 0.0.3 | 50.00 | NOTE | |||
r-release-macos-x86_64 | 0.0.3 | 55.00 | NOTE | |||
r-release-windows-x86_64 | 0.0.3 | 57.00 | 77.00 | 134.00 | OK | |
r-oldrel-macos-arm64 | 0.0.3 | 54.00 | NOTE | |||
r-oldrel-macos-x86_64 | 0.0.3 | 100.00 | NOTE | |||
r-oldrel-windows-x86_64 | 0.0.3 | 64.00 | 86.00 | 150.00 | OK |
Version: 0.0.3
Check: installed package size
Result: NOTE
installed size is 19.7Mb
sub-directories of 1Mb or more:
libs 19.5Mb
Flavors: r-release-macos-arm64, r-release-macos-x86_64, r-oldrel-macos-arm64, r-oldrel-macos-x86_64