Last updated on 2025-01-19 05:49:19 CET.
Flavor | Version | Tinstall | Tcheck | Ttotal | Status | Flags |
---|---|---|---|---|---|---|
r-devel-linux-x86_64-debian-clang | 3.3.0 | 40.26 | 128.99 | 169.25 | OK | |
r-devel-linux-x86_64-debian-gcc | 3.3.0 | 28.12 | 91.24 | 119.36 | OK | |
r-devel-linux-x86_64-fedora-clang | 3.3.0 | 330.86 | OK | |||
r-devel-linux-x86_64-fedora-gcc | 3.3.0 | 379.88 | OK | |||
r-devel-windows-x86_64 | 3.3.0 | 63.00 | 222.00 | 285.00 | OK | |
r-patched-linux-x86_64 | 3.3.0 | 39.70 | 122.44 | 162.14 | OK | |
r-release-linux-x86_64 | 3.2.0 | 31.56 | 115.82 | 147.38 | OK | |
r-release-macos-arm64 | 3.3.0 | 169.00 | NOTE | |||
r-release-macos-x86_64 | 3.3.0 | 273.00 | NOTE | |||
r-release-windows-x86_64 | 3.3.0 | 58.00 | 222.00 | 280.00 | OK | |
r-oldrel-macos-arm64 | 3.3.0 | 166.00 | NOTE | |||
r-oldrel-macos-x86_64 | 3.3.0 | 330.00 | NOTE | |||
r-oldrel-windows-x86_64 | 3.3.0 | 68.00 | 418.00 | 486.00 | OK |
Version: 3.3.0
Check: installed package size
Result: NOTE
installed size is 5.4Mb
sub-directories of 1Mb or more:
doc 2.6Mb
libs 1.7Mb
Flavors: r-release-macos-arm64, r-release-macos-x86_64, r-oldrel-macos-arm64, r-oldrel-macos-x86_64