Last updated on 2024-04-17 13:57:41 CEST.
Flavor | Version | Tinstall | Tcheck | Ttotal | Status | Flags |
---|---|---|---|---|---|---|
r-devel-linux-x86_64-debian-clang | 1.2.1 | 13.33 | 38.96 | 52.29 | OK | |
r-devel-linux-x86_64-debian-gcc | 1.2.1 | 15.02 | 31.41 | 46.43 | OK | |
r-devel-linux-x86_64-fedora-clang | 1.2.1 | 67.52 | NOTE | |||
r-devel-linux-x86_64-fedora-gcc | 1.2.1 | 65.61 | OK | |||
r-prerel-macos-arm64 | 1.2.1 | 29.00 | NOTE | |||
r-prerel-macos-x86_64 | 1.2.1 | 82.00 | NOTE | |||
r-prerel-windows-x86_64 | 1.2.1 | 23.00 | 52.00 | 75.00 | NOTE | |
r-patched-linux-x86_64 | 1.2.1 | 13.48 | 37.04 | 50.52 | OK | |
r-release-linux-x86_64 | 1.2.1 | 14.00 | 37.24 | 51.24 | OK | |
r-release-macos-arm64 | 1.2.1 | 36.00 | NOTE | |||
r-release-macos-x86_64 | 1.2.1 | 77.00 | NOTE | |||
r-release-windows-x86_64 | 1.2.1 | 29.00 | 49.00 | 78.00 | NOTE | |
r-oldrel-macos-arm64 | 1.2.1 | 34.00 | NOTE | |||
r-oldrel-windows-x86_64 | 1.2.1 | 30.00 | 45.00 | 75.00 | NOTE |
Version: 1.2.1
Check: installed package size
Result: NOTE
installed size is 11.3Mb
sub-directories of 1Mb or more:
R 11.2Mb
Flavors: r-devel-linux-x86_64-fedora-clang, r-prerel-macos-arm64, r-prerel-macos-x86_64, r-prerel-windows-x86_64, r-release-macos-arm64, r-release-macos-x86_64, r-release-windows-x86_64, r-oldrel-macos-arm64, r-oldrel-windows-x86_64