Last updated on 2025-01-19 05:49:19 CET.
Flavor | Version | Tinstall | Tcheck | Ttotal | Status | Flags |
---|---|---|---|---|---|---|
r-devel-linux-x86_64-debian-clang | 1.0.2 | 241.35 | 81.25 | 322.60 | OK | |
r-devel-linux-x86_64-debian-gcc | 1.0.2 | 187.98 | 76.85 | 264.83 | OK | |
r-devel-linux-x86_64-fedora-clang | 1.0.2 | 614.21 | OK | |||
r-devel-linux-x86_64-fedora-gcc | 1.0.2 | 702.32 | OK | |||
r-devel-windows-x86_64 | 1.0.2 | 242.00 | 119.00 | 361.00 | OK | |
r-patched-linux-x86_64 | 1.0.2 | 257.71 | 98.46 | 356.17 | OK | |
r-release-linux-x86_64 | 1.0.2 | 259.14 | 98.53 | 357.67 | OK | |
r-release-macos-arm64 | 1.0.2 | 137.00 | NOTE | |||
r-release-macos-x86_64 | 1.0.2 | 128.00 | NOTE | |||
r-release-windows-x86_64 | 1.0.2 | 239.00 | 124.00 | 363.00 | OK | |
r-oldrel-macos-arm64 | 1.0.2 | 152.00 | NOTE | |||
r-oldrel-macos-x86_64 | 1.0.2 | 254.00 | NOTE | |||
r-oldrel-windows-x86_64 | 1.0.2 | 270.00 | 152.00 | 422.00 | OK |
Version: 1.0.2
Check: installed package size
Result: NOTE
installed size is 40.5Mb
sub-directories of 1Mb or more:
libs 40.3Mb
Flavors: r-release-macos-arm64, r-release-macos-x86_64, r-oldrel-macos-arm64, r-oldrel-macos-x86_64