Last updated on 2024-04-17 13:57:41 CEST.
Flavor | Version | Tinstall | Tcheck | Ttotal | Status | Flags |
---|---|---|---|---|---|---|
r-devel-linux-x86_64-debian-clang | 1.2.2 | 38.35 | 343.32 | 381.67 | OK | |
r-devel-linux-x86_64-debian-gcc | 1.2.2 | 28.66 | 248.52 | 277.18 | OK | |
r-devel-linux-x86_64-fedora-clang | 1.2.2 | 478.77 | NOTE | |||
r-devel-linux-x86_64-fedora-gcc | 1.2.2 | 462.76 | OK | |||
r-prerel-macos-arm64 | 1.2.2 | 5.00 | ERROR | |||
r-prerel-macos-x86_64 | 1.2.2 | 383.00 | NOTE | |||
r-prerel-windows-x86_64 | 1.2.2 | 32.00 | 224.00 | 256.00 | OK | |
r-patched-linux-x86_64 | 1.2.2 | 24.53 | 317.58 | 342.11 | OK | |
r-release-linux-x86_64 | 1.2.2 | 25.86 | 331.99 | 357.85 | OK | |
r-release-macos-arm64 | 1.2.2 | 136.00 | NOTE | |||
r-release-macos-x86_64 | 1.2.2 | 288.00 | NOTE | |||
r-release-windows-x86_64 | 1.2.2 | 42.00 | 291.00 | 333.00 | OK | |
r-oldrel-macos-arm64 | 1.2.2 | 134.00 | NOTE | |||
r-oldrel-windows-x86_64 | 1.2.2 | 43.00 | 270.00 | 313.00 | OK |
Version: 1.2.2
Check: Rd cross-references
Result: NOTE
Undeclared package ‘distrEx’ in Rd xrefs
Flavor: r-devel-linux-x86_64-fedora-clang
Version: 1.2.2
Check: package dependencies
Result: ERROR
Package required but not available: ‘beadarray’
Packages suggested but not available for checking:
'affydata', 'hgu95av2cdf', 'beadarrayExampleData',
'illuminaHumanv3.db'
See section ‘The DESCRIPTION file’ in the ‘Writing R Extensions’
manual.
Flavor: r-prerel-macos-arm64
Version: 1.2.2
Check: package dependencies
Result: NOTE
Package suggested but not available for checking: ‘illuminaHumanv3.db’
Flavors: r-prerel-macos-x86_64, r-oldrel-macos-arm64
Version: 1.2.2
Check: package dependencies
Result: NOTE
Packages suggested but not available for checking:
'affydata', 'hgu95av2cdf', 'beadarrayExampleData',
'illuminaHumanv3.db'
Flavors: r-release-macos-arm64, r-release-macos-x86_64