CRAN Package Check Results for Package RoundAndRound

Last updated on 2020-06-03 12:49:19 CEST.

Flavor Version Tinstall Tcheck Ttotal Status Flags
r-devel-linux-x86_64-debian-clang 0.0.1 2.37 22.73 25.10 OK
r-devel-linux-x86_64-debian-gcc 0.0.1 1.99 18.23 20.22 OK
r-devel-linux-x86_64-fedora-clang 0.0.1 39.03 NOTE
r-devel-linux-x86_64-fedora-gcc 0.0.1 29.29 NOTE
r-devel-windows-ix86+x86_64 0.0.1 12.00 52.00 64.00 OK
r-patched-linux-x86_64 0.0.1 2.35 22.54 24.89 OK
r-patched-solaris-x86 0.0.1 46.80 NOTE
r-release-linux-x86_64 0.0.1 2.48 22.69 25.17 OK
r-release-osx-x86_64 0.0.1 NOTE
r-release-windows-ix86+x86_64 0.0.1 6.00 41.00 47.00 OK
r-oldrel-osx-x86_64 0.0.1 NOTE
r-oldrel-windows-ix86+x86_64 0.0.1 5.00 38.00 43.00 OK

Check Details

Version: 0.0.1
Check: dependencies in R code
Result: NOTE
    Namespace in Imports field not imported from: ‘geometry’
     All declared Imports should be used.
Flavors: r-devel-linux-x86_64-fedora-clang, r-devel-linux-x86_64-fedora-gcc, r-patched-solaris-x86, r-release-osx-x86_64, r-oldrel-osx-x86_64