CRAN Package Check Results for Package RoundAndRound

Last updated on 2019-10-18 12:47:50 CEST.

Flavor Version Tinstall Tcheck Ttotal Status Flags
r-devel-linux-x86_64-debian-clang 0.0.1 2.37 20.48 22.85 OK
r-devel-linux-x86_64-debian-gcc 0.0.1 1.78 16.93 18.71 OK
r-devel-linux-x86_64-fedora-clang 0.0.1 29.87 NOTE
r-devel-linux-x86_64-fedora-gcc 0.0.1 28.67 NOTE
r-devel-windows-ix86+x86_64 0.0.1 15.00 31.00 46.00 OK
r-patched-linux-x86_64 0.0.1 2.09 20.34 22.43 OK
r-patched-solaris-x86 0.0.1 46.30 NOTE
r-release-linux-x86_64 0.0.1 2.14 20.18 22.32 OK
r-release-windows-ix86+x86_64 0.0.1 5.00 36.00 41.00 OK
r-release-osx-x86_64 0.0.1 NOTE
r-oldrel-windows-ix86+x86_64 0.0.1 3.00 32.00 35.00 OK
r-oldrel-osx-x86_64 0.0.1 NOTE

Check Details

Version: 0.0.1
Check: dependencies in R code
Result: NOTE
    Namespace in Imports field not imported from: ‘geometry’
     All declared Imports should be used.
Flavors: r-devel-linux-x86_64-fedora-clang, r-devel-linux-x86_64-fedora-gcc, r-patched-solaris-x86, r-release-osx-x86_64, r-oldrel-osx-x86_64