Last updated on 2025-01-19 05:49:19 CET.
Flavor | Version | Tinstall | Tcheck | Ttotal | Status | Flags |
---|---|---|---|---|---|---|
r-devel-linux-x86_64-debian-clang | 1.1.4 | 83.55 | 406.77 | 490.32 | OK | |
r-devel-linux-x86_64-debian-gcc | 1.1.4 | 56.94 | 263.21 | 320.15 | OK | |
r-devel-linux-x86_64-fedora-clang | 1.1.4 | 821.29 | OK | |||
r-devel-linux-x86_64-fedora-gcc | 1.1.4 | 827.71 | OK | |||
r-devel-windows-x86_64 | 1.1.4 | 78.00 | 382.00 | 460.00 | OK | |
r-patched-linux-x86_64 | 1.1.4 | 75.73 | 363.30 | 439.03 | OK | |
r-release-linux-x86_64 | 1.1.4 | 74.56 | 361.73 | 436.29 | OK | |
r-release-macos-arm64 | 1.1.4 | 193.00 | NOTE | |||
r-release-macos-x86_64 | 1.1.4 | 272.00 | NOTE | |||
r-release-windows-x86_64 | 1.1.4 | 76.00 | 379.00 | 455.00 | OK | |
r-oldrel-macos-arm64 | 1.1.4 | 201.00 | NOTE | |||
r-oldrel-macos-x86_64 | 1.1.4 | 493.00 | NOTE | |||
r-oldrel-windows-x86_64 | 1.1.4 | 101.00 | 502.00 | 603.00 | OK |
Version: 1.1.4
Check: installed package size
Result: NOTE
installed size is 7.7Mb
sub-directories of 1Mb or more:
doc 1.4Mb
libs 5.7Mb
Flavors: r-release-macos-arm64, r-release-macos-x86_64, r-oldrel-macos-arm64, r-oldrel-macos-x86_64