Last updated on 2025-01-19 05:49:19 CET.
Flavor | Version | Tinstall | Tcheck | Ttotal | Status | Flags |
---|---|---|---|---|---|---|
r-devel-linux-x86_64-debian-clang | 3.1.1 | 7.48 | 324.15 | 331.63 | OK | |
r-devel-linux-x86_64-debian-gcc | 3.1.1 | 5.56 | 241.71 | 247.27 | OK | |
r-devel-linux-x86_64-fedora-clang | 3.1.1 | 543.99 | NOTE | |||
r-devel-linux-x86_64-fedora-gcc | 3.1.1 | 578.40 | NOTE | |||
r-devel-windows-x86_64 | 3.1.1 | 9.00 | 196.00 | 205.00 | OK | |
r-patched-linux-x86_64 | 3.1.1 | 6.36 | 314.51 | 320.87 | OK | |
r-release-linux-x86_64 | 3.1.1 | 6.55 | 314.89 | 321.44 | OK | |
r-release-macos-arm64 | 3.1.1 | 114.00 | OK | |||
r-release-macos-x86_64 | 3.1.1 | 230.00 | OK | |||
r-release-windows-x86_64 | 3.1.1 | 8.00 | 198.00 | 206.00 | OK | |
r-oldrel-macos-arm64 | 3.1.1 | 92.00 | OK | |||
r-oldrel-macos-x86_64 | 3.1.1 | 353.00 | OK | |||
r-oldrel-windows-x86_64 | 3.1.1 | 11.00 | 773.00 | 784.00 | OK |
Version: 3.1.1
Check: dependencies in R code
Result: NOTE
Namespaces in Imports field not imported from:
‘ROCit’ ‘corrplot’ ‘kableExtra’ ‘purrr’ ‘reshape2’
All declared Imports should be used.
Flavors: r-devel-linux-x86_64-fedora-clang, r-devel-linux-x86_64-fedora-gcc