CRAN Package Check Results for Package Rraven

Last updated on 2025-01-19 05:49:19 CET.

Flavor Version Tinstall Tcheck Ttotal Status Flags
r-devel-linux-x86_64-debian-clang 1.0.14 3.98 39.28 43.26 OK
r-devel-linux-x86_64-debian-gcc 1.0.14 3.01 29.40 32.41 OK
r-devel-linux-x86_64-fedora-clang 1.0.14 69.06 OK
r-devel-linux-x86_64-fedora-gcc 1.0.14 77.85 OK
r-devel-windows-x86_64 1.0.14 6.00 66.00 72.00 OK
r-patched-linux-x86_64 1.0.14 3.34 36.93 40.27 OK
r-release-linux-x86_64 1.0.14 2.80 36.85 39.65 OK
r-release-macos-arm64 1.0.14 44.00 NOTE
r-release-macos-x86_64 1.0.14 70.00 NOTE
r-release-windows-x86_64 1.0.14 5.00 67.00 72.00 NOTE
r-oldrel-macos-arm64 1.0.14 44.00 NOTE
r-oldrel-macos-x86_64 1.0.14 76.00 NOTE
r-oldrel-windows-x86_64 1.0.14 7.00 72.00 79.00 NOTE

Check Details

Version: 1.0.14
Check: installed package size
Result: NOTE installed size is 5.5Mb sub-directories of 1Mb or more: doc 5.3Mb Flavors: r-release-macos-arm64, r-release-macos-x86_64, r-release-windows-x86_64, r-oldrel-macos-arm64, r-oldrel-macos-x86_64, r-oldrel-windows-x86_64