Last updated on 2024-04-21 12:54:11 CEST.
Flavor | Version | Tinstall | Tcheck | Ttotal | Status | Flags |
---|---|---|---|---|---|---|
r-devel-linux-x86_64-debian-clang | 1.7.6 | 23.19 | 48.68 | 71.87 | NOTE | |
r-devel-linux-x86_64-debian-gcc | 1.7.6 | 18.98 | 37.36 | 56.34 | NOTE | |
r-devel-linux-x86_64-fedora-clang | 1.7.6 | 106.99 | NOTE | |||
r-devel-linux-x86_64-fedora-gcc | 1.7.6 | 92.50 | NOTE | |||
r-prerel-macos-arm64 | 1.7.6 | 31.00 | NOTE | |||
r-prerel-windows-x86_64 | 1.7.6 | 24.00 | 86.00 | 110.00 | NOTE | |
r-patched-linux-x86_64 | 1.7.6 | 23.58 | 46.43 | 70.01 | NOTE | |
r-release-linux-x86_64 | 1.7.6 | 22.04 | 47.37 | 69.41 | NOTE | |
r-release-macos-arm64 | 1.7.6 | 32.00 | NOTE | |||
r-release-macos-x86_64 | 1.7.6 | 56.00 | NOTE | |||
r-release-windows-x86_64 | 1.7.6 | 28.00 | 112.00 | 140.00 | NOTE | |
r-oldrel-macos-arm64 | 1.7.6 | 33.00 | OK | |||
r-oldrel-windows-x86_64 | 1.7.6 | 28.00 | 93.00 | 121.00 | OK |
Version: 1.7.6
Check: C++ specification
Result: NOTE
Specified C++11: please drop specification unless essential
Flavors: r-devel-linux-x86_64-debian-clang, r-devel-linux-x86_64-debian-gcc, r-devel-linux-x86_64-fedora-clang, r-devel-linux-x86_64-fedora-gcc, r-prerel-macos-arm64, r-prerel-windows-x86_64, r-patched-linux-x86_64, r-release-linux-x86_64, r-release-macos-arm64, r-release-macos-x86_64, r-release-windows-x86_64