Last updated on 2025-01-19 05:49:19 CET.
Flavor | Version | Tinstall | Tcheck | Ttotal | Status | Flags |
---|---|---|---|---|---|---|
r-devel-linux-x86_64-debian-clang | 1.7.6 | 13.39 | 40.40 | 53.79 | NOTE | |
r-devel-linux-x86_64-debian-gcc | 1.7.6 | 9.20 | 28.61 | 37.81 | NOTE | |
r-devel-linux-x86_64-fedora-clang | 1.7.6 | 93.98 | NOTE | |||
r-devel-linux-x86_64-fedora-gcc | 1.7.6 | 88.10 | NOTE | |||
r-devel-windows-x86_64 | 1.7.6 | 21.00 | 80.00 | 101.00 | NOTE | |
r-patched-linux-x86_64 | 1.7.6 | 13.17 | 36.74 | 49.91 | NOTE | |
r-release-linux-x86_64 | 1.7.6 | 12.87 | 36.85 | 49.72 | NOTE | |
r-release-macos-arm64 | 1.7.6 | 31.00 | NOTE | |||
r-release-macos-x86_64 | 1.7.6 | 42.00 | NOTE | |||
r-release-windows-x86_64 | 1.7.6 | 21.00 | 78.00 | 99.00 | NOTE | |
r-oldrel-macos-arm64 | 1.7.6 | 32.00 | NOTE | |||
r-oldrel-macos-x86_64 | 1.7.6 | 56.00 | NOTE | |||
r-oldrel-windows-x86_64 | 1.7.6 | 23.00 | 90.00 | 113.00 | NOTE |
Version: 1.7.6
Check: C++ specification
Result: NOTE
Specified C++11: please drop specification unless essential
Flavors: r-devel-linux-x86_64-debian-clang, r-devel-linux-x86_64-debian-gcc, r-devel-linux-x86_64-fedora-clang, r-devel-linux-x86_64-fedora-gcc, r-devel-windows-x86_64, r-patched-linux-x86_64, r-release-linux-x86_64, r-release-macos-arm64, r-release-macos-x86_64, r-release-windows-x86_64, r-oldrel-macos-arm64, r-oldrel-macos-x86_64, r-oldrel-windows-x86_64