Last updated on 2025-01-19 05:49:19 CET.
Flavor | Version | Tinstall | Tcheck | Ttotal | Status | Flags |
---|---|---|---|---|---|---|
r-devel-linux-x86_64-debian-clang | 2.0.3 | 56.54 | 258.56 | 315.10 | OK | |
r-devel-linux-x86_64-debian-gcc | 2.0.3 | 39.73 | 160.74 | 200.47 | OK | |
r-devel-linux-x86_64-fedora-clang | 2.0.3 | 538.69 | OK | |||
r-devel-linux-x86_64-fedora-gcc | 2.0.3 | 516.33 | OK | |||
r-devel-windows-x86_64 | 2.0.3 | 55.00 | 198.00 | 253.00 | OK | |
r-patched-linux-x86_64 | 2.0.3 | 57.90 | 235.69 | 293.59 | OK | |
r-release-linux-x86_64 | 2.0.3 | 58.37 | 238.75 | 297.12 | OK | |
r-release-macos-arm64 | 2.0.3 | 115.00 | NOTE | |||
r-release-macos-x86_64 | 2.0.3 | 180.00 | NOTE | |||
r-release-windows-x86_64 | 2.0.3 | 53.00 | 199.00 | 252.00 | NOTE | |
r-oldrel-macos-arm64 | 2.0.3 | 118.00 | NOTE | |||
r-oldrel-macos-x86_64 | 2.0.3 | 254.00 | NOTE | |||
r-oldrel-windows-x86_64 | 2.0.3 | 70.00 | 275.00 | 345.00 | NOTE |
Version: 2.0.3
Check: installed package size
Result: NOTE
installed size is 6.2Mb
sub-directories of 1Mb or more:
R 6.0Mb
Flavors: r-release-macos-arm64, r-release-macos-x86_64, r-release-windows-x86_64, r-oldrel-macos-arm64, r-oldrel-macos-x86_64, r-oldrel-windows-x86_64