Last updated on 2024-04-21 12:54:12 CEST.
Flavor | Version | Tinstall | Tcheck | Ttotal | Status | Flags |
---|---|---|---|---|---|---|
r-devel-linux-x86_64-debian-clang | 0.2.4 | 27.10 | 34.35 | 61.45 | NOTE | |
r-devel-linux-x86_64-debian-gcc | 0.2.4 | 26.26 | 27.16 | 53.42 | NOTE | |
r-devel-linux-x86_64-fedora-clang | 0.2.4 | 95.49 | NOTE | |||
r-devel-linux-x86_64-fedora-gcc | 0.2.4 | 95.25 | NOTE | |||
r-prerel-macos-arm64 | 0.2.4 | 28.00 | NOTE | |||
r-prerel-windows-x86_64 | 0.2.4 | 28.00 | 72.00 | 100.00 | NOTE | |
r-patched-linux-x86_64 | 0.2.4 | 34.58 | 32.83 | 67.41 | NOTE | |
r-release-linux-x86_64 | 0.2.4 | 33.04 | 33.93 | 66.97 | NOTE | |
r-release-macos-arm64 | 0.2.4 | 30.00 | NOTE | |||
r-release-macos-x86_64 | 0.2.4 | 47.00 | NOTE | |||
r-release-windows-x86_64 | 0.2.4 | 34.00 | 83.00 | 117.00 | NOTE | |
r-oldrel-macos-arm64 | 0.2.4 | 30.00 | OK | |||
r-oldrel-windows-x86_64 | 0.2.4 | 35.00 | 78.00 | 113.00 | OK |
Version: 0.2.4
Check: C++ specification
Result: NOTE
Specified C++11: please drop specification unless essential
Flavors: r-devel-linux-x86_64-debian-clang, r-devel-linux-x86_64-debian-gcc, r-devel-linux-x86_64-fedora-clang, r-devel-linux-x86_64-fedora-gcc, r-prerel-macos-arm64, r-prerel-windows-x86_64, r-patched-linux-x86_64, r-release-linux-x86_64, r-release-macos-arm64, r-release-macos-x86_64, r-release-windows-x86_64