Last updated on 2025-01-19 05:49:20 CET.
Flavor | Version | Tinstall | Tcheck | Ttotal | Status | Flags |
---|---|---|---|---|---|---|
r-devel-linux-x86_64-debian-clang | 1.1.3 | 60.13 | 36.38 | 96.51 | NOTE | |
r-devel-linux-x86_64-debian-gcc | 1.1.3 | 45.22 | 33.76 | 78.98 | NOTE | |
r-devel-linux-x86_64-fedora-clang | 1.1.3 | 165.00 | NOTE | |||
r-devel-linux-x86_64-fedora-gcc | 1.1.3 | 199.86 | NOTE | |||
r-devel-windows-x86_64 | 1.1.3 | 56.00 | 82.00 | 138.00 | NOTE | |
r-patched-linux-x86_64 | 1.1.3 | 60.29 | 41.51 | 101.80 | NOTE | |
r-release-linux-x86_64 | 1.1.3 | 63.71 | 41.11 | 104.82 | NOTE | |
r-release-macos-arm64 | 1.1.3 | 46.00 | NOTE | |||
r-release-macos-x86_64 | 1.1.3 | 60.00 | NOTE | |||
r-release-windows-x86_64 | 1.1.3 | 52.00 | 81.00 | 133.00 | NOTE | |
r-oldrel-macos-arm64 | 1.1.3 | 50.00 | NOTE | |||
r-oldrel-macos-x86_64 | 1.1.3 | 83.00 | NOTE | |||
r-oldrel-windows-x86_64 | 1.1.3 | 63.00 | 95.00 | 158.00 | NOTE |
Version: 1.1.3
Check: C++ specification
Result: NOTE
Specified C++11: please drop specification unless essential
Flavors: r-devel-linux-x86_64-debian-clang, r-devel-linux-x86_64-debian-gcc, r-devel-linux-x86_64-fedora-clang, r-devel-linux-x86_64-fedora-gcc, r-devel-windows-x86_64, r-patched-linux-x86_64, r-release-linux-x86_64, r-release-macos-arm64, r-release-macos-x86_64, r-release-windows-x86_64, r-oldrel-macos-arm64, r-oldrel-macos-x86_64, r-oldrel-windows-x86_64
Version: 1.1.3
Check: installed package size
Result: NOTE
installed size is 22.4Mb
sub-directories of 1Mb or more:
libs 22.2Mb
Flavors: r-release-macos-arm64, r-release-macos-x86_64, r-oldrel-macos-arm64, r-oldrel-macos-x86_64