Last updated on 2025-01-19 05:49:20 CET.
Flavor | Version | Tinstall | Tcheck | Ttotal | Status | Flags |
---|---|---|---|---|---|---|
r-devel-linux-x86_64-debian-clang | 0.1.1 | 104.40 | 34.25 | 138.65 | OK | |
r-devel-linux-x86_64-debian-gcc | 0.1.1 | 69.12 | 25.26 | 94.38 | OK | |
r-devel-linux-x86_64-fedora-clang | 0.1.1 | 287.25 | OK | |||
r-devel-linux-x86_64-fedora-gcc | 0.1.1 | 290.25 | OK | |||
r-devel-windows-x86_64 | 0.1.1 | 106.00 | 78.00 | 184.00 | OK | |
r-patched-linux-x86_64 | 0.1.1 | 99.58 | 33.13 | 132.71 | OK | |
r-release-linux-x86_64 | 0.1.1 | 103.59 | 33.02 | 136.61 | OK | |
r-release-macos-arm64 | 0.1.1 | 59.00 | NOTE | |||
r-release-macos-x86_64 | 0.1.1 | 70.00 | NOTE | |||
r-release-windows-x86_64 | 0.1.1 | 104.00 | 75.00 | 179.00 | OK | |
r-oldrel-macos-arm64 | 0.1.1 | 62.00 | NOTE | |||
r-oldrel-macos-x86_64 | 0.1.1 | 71.00 | NOTE | |||
r-oldrel-windows-x86_64 | 0.1.1 | 122.00 | 89.00 | 211.00 | OK |
Version: 0.1.1
Check: installed package size
Result: NOTE
installed size is 6.1Mb
sub-directories of 1Mb or more:
libs 5.6Mb
Flavors: r-release-macos-arm64, r-release-macos-x86_64, r-oldrel-macos-arm64, r-oldrel-macos-x86_64