CRAN Package Check Results for Package SAR

Last updated on 2020-07-13 12:49:10 CEST.

Flavor Version Tinstall Tcheck Ttotal Status Flags
r-devel-linux-x86_64-debian-clang 1.0.1 76.15 80.19 156.34 NOTE
r-devel-linux-x86_64-debian-gcc 1.0.1 59.03 61.95 120.98 NOTE
r-devel-linux-x86_64-fedora-clang 1.0.1 214.86 NOTE
r-devel-linux-x86_64-fedora-gcc 1.0.1 204.78 NOTE
r-devel-windows-ix86+x86_64 1.0.1 157.00 187.00 344.00 NOTE
r-patched-linux-x86_64 1.0.1 61.52 79.23 140.75 NOTE
r-patched-solaris-x86 1.0.1 223.30 NOTE
r-release-linux-x86_64 1.0.1 60.55 78.17 138.72 NOTE
r-release-macos-x86_64 1.0.1 ERROR
r-release-windows-ix86+x86_64 1.0.1 193.00 184.00 377.00 NOTE
r-oldrel-macos-x86_64 1.0.1 NOTE
r-oldrel-windows-ix86+x86_64 1.0.1 141.00 136.00 277.00 NOTE

Check Details

Version: 1.0.1
Check: for GNU extensions in Makefiles
Result: NOTE
    GNU make is a SystemRequirements.
Flavors: r-devel-linux-x86_64-debian-clang, r-devel-linux-x86_64-debian-gcc, r-devel-linux-x86_64-fedora-clang, r-devel-linux-x86_64-fedora-gcc, r-devel-windows-ix86+x86_64, r-patched-linux-x86_64, r-patched-solaris-x86, r-release-linux-x86_64, r-release-windows-ix86+x86_64, r-oldrel-macos-x86_64, r-oldrel-windows-ix86+x86_64

Version: 1.0.1
Check: dependencies in R code
Result: NOTE
    Namespaces in Imports field not imported from:
     ‘httr’ ‘jsonlite’
     All declared Imports should be used.
Flavors: r-devel-linux-x86_64-fedora-clang, r-devel-linux-x86_64-fedora-gcc, r-patched-solaris-x86, r-oldrel-macos-x86_64

Version: 1.0.1
Check: whether package can be installed
Result: ERROR
    Installation failed.
Flavor: r-release-macos-x86_64