CRAN Package Check Results for Package SASmarkdown

Last updated on 2025-01-19 05:49:20 CET.

Flavor Version Tinstall Tcheck Ttotal Status Flags
r-devel-linux-x86_64-debian-clang 0.8.2 2.52 21.60 24.12 NOTE
r-devel-linux-x86_64-debian-gcc 0.8.2 1.95 17.10 19.05 NOTE
r-devel-linux-x86_64-fedora-clang 0.8.2 40.69 OK
r-devel-linux-x86_64-fedora-gcc 0.8.2 36.95 OK
r-devel-windows-x86_64 0.8.2 4.00 45.00 49.00 NOTE
r-patched-linux-x86_64 0.8.2 4.80 20.99 25.79 OK
r-release-linux-x86_64 0.8.2 2.50 20.75 23.25 OK
r-release-macos-arm64 0.8.2 17.00 OK
r-release-macos-x86_64 0.8.2 30.00 OK
r-release-windows-x86_64 0.8.2 4.00 47.00 51.00 OK
r-oldrel-macos-arm64 0.8.2 19.00 OK
r-oldrel-macos-x86_64 0.8.2 23.00 OK
r-oldrel-windows-x86_64 0.8.2 4.00 43.00 47.00 OK

Check Details

Version: 0.8.2
Check: Rd cross-references
Result: NOTE Found the following Rd file(s) with Rd \link{} targets missing package anchors: SASmarkdown-package.rd: knitr-package sas_enginesetup.rd: knit_engines saslog_hookset.rd: knit_hooks Please provide package anchors for all Rd \link{} targets not in the package itself and the base packages. Flavors: r-devel-linux-x86_64-debian-clang, r-devel-linux-x86_64-debian-gcc, r-devel-windows-x86_64