Last updated on 2024-04-17 13:57:43 CEST.
Flavor | Version | Tinstall | Tcheck | Ttotal | Status | Flags |
---|---|---|---|---|---|---|
r-devel-linux-x86_64-debian-clang | 0.1.0 | 2.85 | 35.62 | 38.47 | NOTE | |
r-devel-linux-x86_64-debian-gcc | 0.1.0 | 2.01 | 24.50 | 26.51 | NOTE | |
r-devel-linux-x86_64-fedora-clang | 0.1.0 | 46.43 | NOTE | |||
r-devel-linux-x86_64-fedora-gcc | 0.1.0 | 43.48 | NOTE | |||
r-prerel-macos-arm64 | 0.1.0 | 15.00 | NOTE | |||
r-prerel-windows-x86_64 | 0.1.0 | 3.00 | 43.00 | 46.00 | NOTE | |
r-patched-linux-x86_64 | 0.1.0 | 2.03 | 32.88 | 34.91 | NOTE | |
r-release-linux-x86_64 | 0.1.0 | 2.41 | 33.01 | 35.42 | NOTE | |
r-release-macos-arm64 | 0.1.0 | 17.00 | NOTE | |||
r-release-macos-x86_64 | 0.1.0 | 25.00 | NOTE | |||
r-release-windows-x86_64 | 0.1.0 | 4.00 | 45.00 | 49.00 | NOTE | |
r-oldrel-macos-arm64 | 0.1.0 | 21.00 | NOTE | |||
r-oldrel-windows-x86_64 | 0.1.0 | 6.00 | 52.00 | 58.00 | NOTE |
Version: 0.1.0
Check: LazyData
Result: NOTE
'LazyData' is specified without a 'data' directory
Flavors: r-devel-linux-x86_64-debian-clang, r-devel-linux-x86_64-debian-gcc, r-devel-linux-x86_64-fedora-clang, r-devel-linux-x86_64-fedora-gcc, r-prerel-macos-arm64, r-prerel-windows-x86_64, r-patched-linux-x86_64, r-release-linux-x86_64, r-release-macos-arm64, r-release-macos-x86_64, r-release-windows-x86_64, r-oldrel-macos-arm64, r-oldrel-windows-x86_64