CRAN Package Check Results for Package SBICgraph

Last updated on 2025-01-19 05:49:20 CET.

Flavor Version Tinstall Tcheck Ttotal Status Flags
r-devel-linux-x86_64-debian-clang 1.0.0 7.01 87.17 94.18 OK
r-devel-linux-x86_64-debian-gcc 1.0.0 5.20 65.08 70.28 OK
r-devel-linux-x86_64-fedora-clang 1.0.0 153.42 NOTE
r-devel-linux-x86_64-fedora-gcc 1.0.0 161.27 NOTE
r-devel-windows-x86_64 1.0.0 8.00 98.00 106.00 OK
r-patched-linux-x86_64 1.0.0 6.58 86.14 92.72 NOTE
r-release-linux-x86_64 1.0.0 6.56 85.10 91.66 NOTE
r-release-macos-arm64 1.0.0 43.00 NOTE
r-release-macos-x86_64 1.0.0 75.00 NOTE
r-release-windows-x86_64 1.0.0 7.00 102.00 109.00 NOTE
r-oldrel-macos-arm64 1.0.0 58.00 NOTE
r-oldrel-macos-x86_64 1.0.0 94.00 NOTE
r-oldrel-windows-x86_64 1.0.0 10.00 119.00 129.00 NOTE

Check Details

Version: 1.0.0
Check: dependencies in R code
Result: NOTE Namespace in Imports field not imported from: ‘network’ All declared Imports should be used. Flavors: r-devel-linux-x86_64-fedora-clang, r-devel-linux-x86_64-fedora-gcc

Version: 1.0.0
Check: LazyData
Result: NOTE 'LazyData' is specified without a 'data' directory Flavors: r-patched-linux-x86_64, r-release-linux-x86_64, r-release-macos-arm64, r-release-macos-x86_64, r-release-windows-x86_64, r-oldrel-macos-arm64, r-oldrel-macos-x86_64, r-oldrel-windows-x86_64