CRAN Package Check Results for Package SBMTrees

Last updated on 2025-01-19 05:49:20 CET.

Flavor Version Tinstall Tcheck Ttotal Status Flags
r-devel-linux-x86_64-debian-clang 1.2 58.58 120.75 179.33 OK
r-devel-linux-x86_64-debian-gcc 1.2 47.58 85.05 132.63 OK
r-devel-linux-x86_64-fedora-clang 1.2 308.36 OK
r-devel-linux-x86_64-fedora-gcc 1.2 355.09 OK
r-devel-windows-x86_64 1.2 55.00 169.00 224.00 OK
r-patched-linux-x86_64 1.2 64.19 113.40 177.59 NOTE
r-release-linux-x86_64 1.2 66.59 113.41 180.00 NOTE
r-release-macos-arm64 1.2 86.00 NOTE
r-release-macos-x86_64 1.2 142.00 NOTE
r-release-windows-x86_64 1.2 59.00 161.00 220.00 NOTE
r-oldrel-macos-arm64 1.2 92.00 NOTE
r-oldrel-macos-x86_64 1.2 147.00 NOTE
r-oldrel-windows-x86_64 1.2 73.00 198.00 271.00 NOTE

Check Details

Version: 1.2
Check: for GNU extensions in Makefiles
Result: NOTE GNU make is a SystemRequirements. Flavors: r-patched-linux-x86_64, r-release-linux-x86_64, r-release-macos-arm64, r-release-macos-x86_64, r-release-windows-x86_64, r-oldrel-macos-arm64, r-oldrel-macos-x86_64, r-oldrel-windows-x86_64

Version: 1.2
Check: installed package size
Result: NOTE installed size is 8.8Mb sub-directories of 1Mb or more: libs 8.5Mb Flavors: r-release-macos-arm64, r-release-macos-x86_64, r-oldrel-macos-arm64, r-oldrel-macos-x86_64