Last updated on 2025-01-19 05:49:20 CET.
Flavor | Version | Tinstall | Tcheck | Ttotal | Status | Flags |
---|---|---|---|---|---|---|
r-devel-linux-x86_64-debian-clang | 0.1.1 | 25.10 | 62.94 | 88.04 | NOTE | |
r-devel-linux-x86_64-debian-gcc | 0.1.1 | 17.71 | 47.31 | 65.02 | NOTE | |
r-devel-linux-x86_64-fedora-clang | 0.1.1 | 151.92 | NOTE | |||
r-devel-linux-x86_64-fedora-gcc | 0.1.1 | 155.09 | NOTE | |||
r-devel-windows-x86_64 | 0.1.1 | 26.00 | 92.00 | 118.00 | NOTE | |
r-patched-linux-x86_64 | 0.1.1 | 22.52 | 60.58 | 83.10 | NOTE | |
r-release-linux-x86_64 | 0.1.1 | 24.11 | 59.37 | 83.48 | NOTE | |
r-release-macos-arm64 | 0.1.1 | 41.00 | NOTE | |||
r-release-macos-x86_64 | 0.1.1 | 69.00 | NOTE | |||
r-release-windows-x86_64 | 0.1.1 | 28.00 | 91.00 | 119.00 | NOTE | |
r-oldrel-macos-arm64 | 0.1.1 | 48.00 | NOTE | |||
r-oldrel-macos-x86_64 | 0.1.1 | 73.00 | NOTE | |||
r-oldrel-windows-x86_64 | 0.1.1 | 33.00 | 111.00 | 144.00 | NOTE |
Version: 0.1.1
Check: C++ specification
Result: NOTE
Specified C++11: please drop specification unless essential
Flavors: r-devel-linux-x86_64-debian-clang, r-devel-linux-x86_64-debian-gcc, r-devel-linux-x86_64-fedora-clang, r-devel-linux-x86_64-fedora-gcc, r-devel-windows-x86_64, r-patched-linux-x86_64, r-release-linux-x86_64, r-release-macos-arm64, r-release-macos-x86_64, r-release-windows-x86_64, r-oldrel-macos-arm64, r-oldrel-macos-x86_64, r-oldrel-windows-x86_64