CRAN Package Check Results for Package SCEM

Last updated on 2025-01-19 05:49:20 CET.

Flavor Version Tinstall Tcheck Ttotal Status Flags
r-devel-linux-x86_64-debian-clang 1.1.0 2.56 187.29 189.85 OK
r-devel-linux-x86_64-debian-gcc 1.1.0 1.98 112.71 114.69 OK
r-devel-linux-x86_64-fedora-clang 1.1.0 325.80 NOTE
r-devel-linux-x86_64-fedora-gcc 1.1.0 335.24 NOTE
r-devel-windows-x86_64 1.1.0 5.00 160.00 165.00 OK
r-patched-linux-x86_64 1.1.0 2.66 175.89 178.55 OK
r-release-linux-x86_64 1.1.0 2.50 177.28 179.78 OK
r-release-macos-arm64 1.1.0 82.00 OK
r-release-macos-x86_64 1.1.0 131.00 OK
r-release-windows-x86_64 1.1.0 5.00 170.00 175.00 OK
r-oldrel-macos-arm64 1.1.0 86.00 OK
r-oldrel-macos-x86_64 1.1.0 169.00 OK
r-oldrel-windows-x86_64 1.1.0 5.00 243.00 248.00 OK

Check Details

Version: 1.1.0
Check: dependencies in R code
Result: NOTE Namespaces in Imports field not imported from: ‘devtools’ ‘mathjaxr’ All declared Imports should be used. Flavors: r-devel-linux-x86_64-fedora-clang, r-devel-linux-x86_64-fedora-gcc