Last updated on 2024-04-17 13:57:43 CEST.
Flavor | Version | Tinstall | Tcheck | Ttotal | Status | Flags |
---|---|---|---|---|---|---|
r-devel-linux-x86_64-debian-clang | 0.2-4 | 10.47 | 28.03 | 38.50 | OK | |
r-devel-linux-x86_64-debian-gcc | 0.2-4 | 9.38 | 22.20 | 31.58 | OK | |
r-devel-linux-x86_64-fedora-clang | 0.2-4 | 50.79 | NOTE | |||
r-devel-linux-x86_64-fedora-gcc | 0.2-4 | 48.93 | NOTE | |||
r-prerel-macos-arm64 | 0.2-4 | 22.00 | OK | |||
r-prerel-windows-x86_64 | 0.2-4 | 12.00 | 45.00 | 57.00 | OK | |
r-patched-linux-x86_64 | 0.2-4 | 11.14 | 27.90 | 39.04 | OK | |
r-release-linux-x86_64 | 0.2-4 | 9.81 | 25.04 | 34.85 | OK | |
r-release-macos-arm64 | 0.2-4 | 24.00 | OK | |||
r-release-macos-x86_64 | 0.2-4 | 30.00 | OK | |||
r-release-windows-x86_64 | 0.2-4 | 13.00 | 43.00 | 56.00 | OK | |
r-oldrel-macos-arm64 | 0.2-4 | 26.00 | OK | |||
r-oldrel-windows-x86_64 | 0.2-4 | 14.00 | 48.00 | 62.00 | OK |
Version: 0.2-4
Check: compiled code
Result: NOTE
File ‘SCEPtER/libs/SCEPtER.so’:
Found no calls to: ‘R_registerRoutines’, ‘R_useDynamicSymbols’
It is good practice to register native routines and to disable symbol
search.
See ‘Writing portable packages’ in the ‘Writing R Extensions’ manual.
Flavors: r-devel-linux-x86_64-fedora-clang, r-devel-linux-x86_64-fedora-gcc