Last updated on 2025-01-19 05:49:20 CET.
Flavor | Version | Tinstall | Tcheck | Ttotal | Status | Flags |
---|---|---|---|---|---|---|
r-devel-linux-x86_64-debian-clang | 0.99.6 | 55.92 | 457.28 | 513.20 | OK | |
r-devel-linux-x86_64-debian-gcc | 0.99.6 | 39.71 | 336.45 | 376.16 | OK | |
r-devel-linux-x86_64-fedora-clang | 0.99.6 | 882.33 | OK | |||
r-devel-linux-x86_64-fedora-gcc | 0.99.6 | 867.13 | OK | |||
r-devel-windows-x86_64 | 0.99.6 | 53.00 | 383.00 | 436.00 | OK | |
r-patched-linux-x86_64 | 0.99.6 | 52.72 | 428.29 | 481.01 | OK | |
r-release-linux-x86_64 | 0.99.6 | 55.88 | 424.25 | 480.13 | OK | |
r-release-macos-arm64 | 0.99.6 | 233.00 | OK | |||
r-release-macos-x86_64 | 0.99.6 | 575.00 | OK | |||
r-release-windows-x86_64 | 0.99.6 | 56.00 | 383.00 | 439.00 | OK | |
r-oldrel-macos-arm64 | 0.99.6 | 9.00 | ERROR | |||
r-oldrel-macos-x86_64 | 0.99.6 | 12.00 | ERROR | |||
r-oldrel-windows-x86_64 | 0.99.6 | 71.00 | 529.00 | 600.00 | OK |
Version: 0.99.6
Check: package dependencies
Result: ERROR
Package required but not available: ‘batchelor’
See section ‘The DESCRIPTION file’ in the ‘Writing R Extensions’
manual.
Flavors: r-oldrel-macos-arm64, r-oldrel-macos-x86_64