Last updated on 2024-05-01 16:53:10 CEST.
Flavor | Version | Tinstall | Tcheck | Ttotal | Status | Flags |
---|---|---|---|---|---|---|
r-devel-linux-x86_64-debian-clang | 0.1.1 | 36.22 | 49.97 | 86.19 | NOTE | |
r-devel-linux-x86_64-debian-gcc | 0.1.1 | 23.76 | 37.45 | 61.21 | NOTE | |
r-devel-linux-x86_64-fedora-clang | 0.1.1 | 112.42 | NOTE | |||
r-devel-linux-x86_64-fedora-gcc | 0.1.1 | 119.44 | NOTE | |||
r-devel-windows-x86_64 | 0.1.1 | 25.00 | 82.00 | 107.00 | NOTE | |
r-patched-linux-x86_64 | 0.1.1 | 27.69 | 48.34 | 76.03 | NOTE | |
r-release-linux-x86_64 | 0.1.1 | 27.64 | 47.24 | 74.88 | NOTE | |
r-release-macos-arm64 | 0.1.1 | 36.00 | NOTE | |||
r-release-windows-x86_64 | 0.1.1 | 26.00 | 79.00 | 105.00 | NOTE | |
r-oldrel-macos-arm64 | 0.1.1 | 40.00 | NOTE | |||
r-oldrel-macos-x86_64 | 0.1.1 | 85.00 | NOTE | |||
r-oldrel-windows-x86_64 | 0.1.1 | 31.00 | 92.00 | 123.00 | NOTE |
Version: 0.1.1
Check: LazyData
Result: NOTE
'LazyData' is specified without a 'data' directory
Flavors: r-devel-linux-x86_64-debian-clang, r-devel-linux-x86_64-debian-gcc, r-devel-linux-x86_64-fedora-clang, r-devel-linux-x86_64-fedora-gcc, r-devel-windows-x86_64, r-patched-linux-x86_64, r-release-linux-x86_64, r-release-macos-arm64, r-release-windows-x86_64, r-oldrel-macos-arm64, r-oldrel-macos-x86_64, r-oldrel-windows-x86_64
Version: 0.1.1
Check: dependencies in R code
Result: NOTE
Namespaces in Imports field not imported from:
‘Matrix’ ‘pracma’
All declared Imports should be used.
Flavors: r-devel-linux-x86_64-fedora-clang, r-devel-linux-x86_64-fedora-gcc