Last updated on 2025-01-19 05:49:20 CET.
Flavor | Version | Tinstall | Tcheck | Ttotal | Status | Flags |
---|---|---|---|---|---|---|
r-devel-linux-x86_64-debian-clang | 1.0.0 | 50.30 | 475.93 | 526.23 | OK | |
r-devel-linux-x86_64-debian-gcc | 1.0.0 | 36.98 | 339.23 | 376.21 | OK | |
r-devel-linux-x86_64-fedora-clang | 1.0.0 | 932.90 | NOTE | |||
r-devel-linux-x86_64-fedora-gcc | 1.0.0 | 893.00 | NOTE | |||
r-devel-windows-x86_64 | 1.0.0 | 51.00 | 390.00 | 441.00 | OK | |
r-patched-linux-x86_64 | 1.0.0 | 38.93 | 443.57 | 482.50 | OK | |
r-release-linux-x86_64 | 1.0.0 | 46.64 | 440.10 | 486.74 | OK | |
r-release-macos-arm64 | 1.0.0 | 230.00 | OK | |||
r-release-macos-x86_64 | 1.0.0 | 327.00 | OK | |||
r-release-windows-x86_64 | 1.0.0 | 49.00 | 390.00 | 439.00 | OK | |
r-oldrel-macos-arm64 | 1.0.0 | 205.00 | OK | |||
r-oldrel-macos-x86_64 | 1.0.0 | 368.00 | OK | |||
r-oldrel-windows-x86_64 | 1.0.0 | 67.00 | 531.00 | 598.00 | OK |
Version: 1.0.0
Check: dependencies in R code
Result: NOTE
Namespaces in Imports field not imported from:
‘BiocManager’ ‘crayon’ ‘knitr’ ‘methods’
All declared Imports should be used.
Flavors: r-devel-linux-x86_64-fedora-clang, r-devel-linux-x86_64-fedora-gcc