CRAN Package Check Results for Package SCdeconR

Last updated on 2025-01-19 05:49:20 CET.

Flavor Version Tinstall Tcheck Ttotal Status Flags
r-devel-linux-x86_64-debian-clang 1.0.0 49.29 403.82 453.11 OK
r-devel-linux-x86_64-debian-gcc 1.0.0 36.63 288.20 324.83 OK
r-devel-linux-x86_64-fedora-clang 1.0.0 814.77 OK
r-devel-linux-x86_64-fedora-gcc 1.0.0 771.95 OK
r-devel-windows-x86_64 1.0.0 50.00 319.00 369.00 OK
r-patched-linux-x86_64 1.0.0 48.45 373.36 421.81 OK
r-release-linux-x86_64 1.0.0 44.96 370.62 415.58 OK
r-release-macos-arm64 1.0.0 192.00 OK
r-release-macos-x86_64 1.0.0 265.00 NOTE
r-release-windows-x86_64 1.0.0 50.00 313.00 363.00 OK
r-oldrel-macos-arm64 1.0.0 9.00 ERROR
r-oldrel-macos-x86_64 1.0.0 12.00 ERROR
r-oldrel-windows-x86_64 1.0.0 66.00 431.00 497.00 OK

Check Details

Version: 1.0.0
Check: package dependencies
Result: NOTE Package suggested but not available for checking: ‘Linnorm’ Flavor: r-release-macos-x86_64

Version: 1.0.0
Check: package dependencies
Result: ERROR Package required but not available: ‘glmGamPoi’ Package suggested but not available for checking: ‘Linnorm’ See section ‘The DESCRIPTION file’ in the ‘Writing R Extensions’ manual. Flavors: r-oldrel-macos-arm64, r-oldrel-macos-x86_64