Last updated on 2024-05-01 16:53:10 CEST.
Flavor | Version | Tinstall | Tcheck | Ttotal | Status | Flags |
---|---|---|---|---|---|---|
r-devel-linux-x86_64-debian-clang | 1.1.1 | 2.24 | 24.04 | 26.28 | NOTE | |
r-devel-linux-x86_64-debian-gcc | 1.1.1 | 1.92 | 18.40 | 20.32 | NOTE | |
r-devel-linux-x86_64-fedora-clang | 1.1.1 | 34.02 | NOTE | |||
r-devel-linux-x86_64-fedora-gcc | 1.1.1 | 31.95 | NOTE | |||
r-devel-windows-x86_64 | 1.1.1 | 3.00 | 42.00 | 45.00 | NOTE | |
r-patched-linux-x86_64 | 1.1.1 | 2.73 | 23.76 | 26.49 | NOTE | |
r-release-linux-x86_64 | 1.1.1 | 2.44 | 23.63 | 26.07 | NOTE | |
r-release-macos-arm64 | 1.1.1 | 14.00 | NOTE | |||
r-release-windows-x86_64 | 1.1.1 | 3.00 | 41.00 | 44.00 | NOTE | |
r-oldrel-macos-arm64 | 1.1.1 | 15.00 | NOTE | |||
r-oldrel-macos-x86_64 | 1.1.1 | 20.00 | NOTE | |||
r-oldrel-windows-x86_64 | 1.1.1 | 4.00 | 41.00 | 45.00 | NOTE |
Version: 1.1.1
Check: LazyData
Result: NOTE
'LazyData' is specified without a 'data' directory
Flavors: r-devel-linux-x86_64-debian-clang, r-devel-linux-x86_64-debian-gcc, r-devel-linux-x86_64-fedora-clang, r-devel-linux-x86_64-fedora-gcc, r-devel-windows-x86_64, r-patched-linux-x86_64, r-release-linux-x86_64, r-release-macos-arm64, r-release-windows-x86_64, r-oldrel-macos-arm64, r-oldrel-macos-x86_64, r-oldrel-windows-x86_64