CRAN Package Check Results for Package SELF

Last updated on 2025-01-19 05:49:20 CET.

Flavor Version Tinstall Tcheck Ttotal Status Flags
r-devel-linux-x86_64-debian-clang 0.1.1 14.93 61.74 76.67 OK
r-devel-linux-x86_64-debian-gcc 0.1.1 10.91 44.52 55.43 OK
r-devel-linux-x86_64-fedora-clang 0.1.1 129.98 OK
r-devel-linux-x86_64-fedora-gcc 0.1.1 121.03 OK
r-devel-windows-x86_64 0.1.1 18.00 90.00 108.00 OK
r-patched-linux-x86_64 0.1.1 16.32 57.18 73.50 NOTE
r-release-linux-x86_64 0.1.1 13.99 57.01 71.00 NOTE
r-release-macos-arm64 0.1.1 37.00 NOTE
r-release-macos-x86_64 0.1.1 56.00 NOTE
r-release-windows-x86_64 0.1.1 17.00 88.00 105.00 NOTE
r-oldrel-macos-arm64 0.1.1 40.00 NOTE
r-oldrel-macos-x86_64 0.1.1 66.00 NOTE
r-oldrel-windows-x86_64 0.1.1 22.00 108.00 130.00 NOTE

Check Details

Version: 0.1.1
Check: LazyData
Result: NOTE 'LazyData' is specified without a 'data' directory Flavors: r-patched-linux-x86_64, r-release-linux-x86_64, r-release-macos-arm64, r-release-macos-x86_64, r-release-windows-x86_64, r-oldrel-macos-arm64, r-oldrel-macos-x86_64, r-oldrel-windows-x86_64