Last updated on 2024-04-21 12:54:13 CEST.
Flavor | Version | Tinstall | Tcheck | Ttotal | Status | Flags |
---|---|---|---|---|---|---|
r-devel-linux-x86_64-debian-clang | 0.1.4 | 54.19 | 29.16 | 83.35 | NOTE | |
r-devel-linux-x86_64-debian-gcc | 0.1.4 | 39.01 | 23.11 | 62.12 | NOTE | |
r-devel-linux-x86_64-fedora-clang | 0.1.4 | 123.59 | NOTE | |||
r-devel-linux-x86_64-fedora-gcc | 0.1.4 | 118.88 | NOTE | |||
r-prerel-macos-arm64 | 0.1.4 | 29.00 | NOTE | |||
r-prerel-windows-x86_64 | 0.1.4 | 41.00 | 70.00 | 111.00 | NOTE | |
r-patched-linux-x86_64 | 0.1.4 | 45.76 | 28.46 | 74.22 | NOTE | |
r-release-linux-x86_64 | 0.1.4 | 56.96 | 28.95 | 85.91 | NOTE | |
r-release-macos-arm64 | 0.1.4 | 37.00 | NOTE | |||
r-release-macos-x86_64 | 0.1.4 | 55.00 | NOTE | |||
r-release-windows-x86_64 | 0.1.4 | 47.00 | 73.00 | 120.00 | NOTE | |
r-oldrel-macos-arm64 | 0.1.4 | 33.00 | OK | |||
r-oldrel-windows-x86_64 | 0.1.4 | 48.00 | 76.00 | 124.00 | OK |
Version: 0.1.4
Check: C++ specification
Result: NOTE
Specified C++11: please drop specification unless essential
Flavors: r-devel-linux-x86_64-debian-clang, r-devel-linux-x86_64-debian-gcc, r-devel-linux-x86_64-fedora-clang, r-devel-linux-x86_64-fedora-gcc, r-prerel-macos-arm64, r-prerel-windows-x86_64, r-patched-linux-x86_64, r-release-linux-x86_64, r-release-macos-arm64, r-release-macos-x86_64, r-release-windows-x86_64