Last updated on 2024-04-17 13:57:43 CEST.
Flavor | Version | Tinstall | Tcheck | Ttotal | Status | Flags |
---|---|---|---|---|---|---|
r-devel-linux-x86_64-debian-clang | 2.1-0.0 | 73.41 | 338.05 | 411.46 | OK | |
r-devel-linux-x86_64-debian-gcc | 2.1-0.0 | 59.79 | 239.16 | 298.95 | OK | |
r-devel-linux-x86_64-fedora-clang | 2.1-0.0 | 511.56 | NOTE | |||
r-devel-linux-x86_64-fedora-gcc | 2.1-0.0 | 493.61 | OK | |||
r-prerel-macos-arm64 | 2.1-0.0 | 125.00 | NOTE | |||
r-prerel-windows-x86_64 | 2.1-0.0 | 55.00 | 214.00 | 269.00 | NOTE | |
r-patched-linux-x86_64 | 2.1-0.0 | 65.10 | 322.33 | 387.43 | OK | |
r-release-linux-x86_64 | 2.1-0.0 | 56.27 | 321.11 | 377.38 | OK | |
r-release-macos-arm64 | 2.1-0.0 | 160.00 | NOTE | |||
r-release-macos-x86_64 | 2.1-0.0 | 325.00 | NOTE | |||
r-release-windows-x86_64 | 2.1-0.0 | 79.00 | 294.00 | 373.00 | NOTE | |
r-oldrel-macos-arm64 | 2.1-0.0 | 126.00 | NOTE | |||
r-oldrel-windows-x86_64 | 2.1-0.0 | 79.00 | 287.00 | 366.00 | NOTE |
Version: 2.1-0.0
Check: package dependencies
Result: NOTE
Imports includes 22 non-default packages.
Importing from so many packages makes the package vulnerable to any of
them becoming unavailable. Move as many as possible to Suggests and
use conditionally.
Flavor: r-devel-linux-x86_64-fedora-clang
Version: 2.1-0.0
Check: installed package size
Result: NOTE
installed size is 6.5Mb
sub-directories of 1Mb or more:
R 1.3Mb
doc 3.8Mb
Flavors: r-devel-linux-x86_64-fedora-clang, r-prerel-macos-arm64, r-prerel-windows-x86_64, r-release-macos-arm64, r-release-macos-x86_64, r-release-windows-x86_64, r-oldrel-macos-arm64, r-oldrel-windows-x86_64