Last updated on 2024-05-01 16:53:11 CEST.
Flavor | Version | Tinstall | Tcheck | Ttotal | Status | Flags |
---|---|---|---|---|---|---|
r-devel-linux-x86_64-debian-clang | 0.1.1 | 24.67 | 156.64 | 181.31 | OK | |
r-devel-linux-x86_64-debian-gcc | 0.1.1 | 19.10 | 114.01 | 133.11 | OK | |
r-devel-linux-x86_64-fedora-clang | 0.1.1 | 221.76 | NOTE | |||
r-devel-linux-x86_64-fedora-gcc | 0.1.1 | 206.88 | OK | |||
r-devel-windows-x86_64 | 0.1.1 | 18.00 | 114.00 | 132.00 | OK | |
r-patched-linux-x86_64 | 0.1.1 | 16.17 | 149.76 | 165.93 | OK | |
r-release-linux-x86_64 | 0.1.1 | 15.83 | 145.82 | 161.65 | OK | |
r-release-macos-arm64 | 0.1.1 | 60.00 | OK | |||
r-release-macos-x86_64 | 0.1.1 | 176.00 | OK | |||
r-release-windows-x86_64 | 0.1.1 | 19.00 | 121.00 | 140.00 | OK | |
r-oldrel-macos-arm64 | 0.1.1 | 70.00 | OK | |||
r-oldrel-macos-x86_64 | 0.1.1 | 169.00 | OK | |||
r-oldrel-windows-x86_64 | 0.1.1 | 27.00 | 147.00 | 174.00 | OK |
Version: 0.1.1
Check: package dependencies
Result: NOTE
Imports includes 22 non-default packages.
Importing from so many packages makes the package vulnerable to any of
them becoming unavailable. Move as many as possible to Suggests and
use conditionally.
Flavor: r-devel-linux-x86_64-fedora-clang