CRAN Package Check Results for Package SIfEK

Last updated on 2019-10-14 12:48:08 CEST.

Flavor Version Tinstall Tcheck Ttotal Status Flags
r-devel-linux-x86_64-debian-clang 0.1.0 5.47 43.70 49.17 NOTE
r-devel-linux-x86_64-debian-gcc 0.1.0 3.91 33.16 37.07 NOTE
r-devel-linux-x86_64-fedora-clang 0.1.0 60.98 NOTE
r-devel-linux-x86_64-fedora-gcc 0.1.0 59.53 NOTE
r-devel-windows-ix86+x86_64 0.1.0 7.00 75.00 82.00 OK
r-patched-linux-x86_64 0.1.0 4.56 44.08 48.64 OK
r-patched-solaris-x86 0.1.0 79.60 OK
r-release-linux-x86_64 0.1.0 5.23 44.72 49.95 OK
r-release-windows-ix86+x86_64 0.1.0 13.00 53.00 66.00 OK
r-release-osx-x86_64 0.1.0 OK
r-oldrel-windows-ix86+x86_64 0.1.0 6.00 53.00 59.00 OK
r-oldrel-osx-x86_64 0.1.0 OK

Check Details

Version: 0.1.0
Check: for non-standard things in the check directory
Result: NOTE
    Found the following files/directories:
     'MM.csv' 'Simul.csv' 'catalytic.csv'
Flavors: r-devel-linux-x86_64-debian-clang, r-devel-linux-x86_64-debian-gcc, r-devel-linux-x86_64-fedora-clang, r-devel-linux-x86_64-fedora-gcc