CRAN Package Check Results for Package SIfEK

Last updated on 2020-07-10 12:48:41 CEST.

Flavor Version Tinstall Tcheck Ttotal Status Flags
r-devel-linux-x86_64-debian-clang 0.1.0 5.00 49.04 54.04 NOTE
r-devel-linux-x86_64-debian-gcc 0.1.0 3.76 36.69 40.45 NOTE
r-devel-linux-x86_64-fedora-clang 0.1.0 73.29 NOTE
r-devel-linux-x86_64-fedora-gcc 0.1.0 64.30 NOTE
r-devel-windows-ix86+x86_64 0.1.0 7.00 68.00 75.00 OK
r-patched-linux-x86_64 0.1.0 4.66 49.97 54.63 NOTE
r-patched-solaris-x86 0.1.0 85.20 NOTE
r-release-linux-x86_64 0.1.0 5.95 50.24 56.19 NOTE
r-release-osx-x86_64 0.1.0 OK
r-release-windows-ix86+x86_64 0.1.0 8.00 64.00 72.00 OK
r-oldrel-osx-x86_64 0.1.0 OK
r-oldrel-windows-ix86+x86_64 0.1.0 11.00 55.00 66.00 OK

Check Details

Version: 0.1.0
Check: for non-standard things in the check directory
Result: NOTE
    Found the following files/directories:
     'MM.csv' 'Simul.csv' 'catalytic.csv'
Flavors: r-devel-linux-x86_64-debian-clang, r-devel-linux-x86_64-debian-gcc, r-devel-linux-x86_64-fedora-clang, r-devel-linux-x86_64-fedora-gcc, r-patched-linux-x86_64, r-patched-solaris-x86, r-release-linux-x86_64