Last updated on 2025-01-19 05:49:21 CET.
Flavor | Version | Tinstall | Tcheck | Ttotal | Status | Flags |
---|---|---|---|---|---|---|
r-devel-linux-x86_64-debian-clang | 0.2.4 | 41.04 | 64.71 | 105.75 | OK | |
r-devel-linux-x86_64-debian-gcc | 0.2.4 | 34.33 | 46.12 | 80.45 | OK | |
r-devel-linux-x86_64-fedora-clang | 0.2.4 | 174.96 | OK | |||
r-devel-linux-x86_64-fedora-gcc | 0.2.4 | 200.06 | OK | |||
r-devel-windows-x86_64 | 0.2.4 | 42.00 | 98.00 | 140.00 | OK | |
r-patched-linux-x86_64 | 0.2.4 | 40.44 | 61.38 | 101.82 | OK | |
r-release-linux-x86_64 | 0.2.4 | 43.92 | 61.80 | 105.72 | OK | |
r-release-macos-arm64 | 0.2.4 | 50.00 | NOTE | |||
r-release-macos-x86_64 | 0.2.4 | 68.00 | NOTE | |||
r-release-windows-x86_64 | 0.2.4 | 42.00 | 98.00 | 140.00 | OK | |
r-oldrel-macos-arm64 | 0.2.4 | 52.00 | NOTE | |||
r-oldrel-macos-x86_64 | 0.2.4 | 71.00 | NOTE | |||
r-oldrel-windows-x86_64 | 0.2.4 | 52.00 | 121.00 | 173.00 | OK |
Version: 0.2.4
Check: installed package size
Result: NOTE
installed size is 15.5Mb
sub-directories of 1Mb or more:
libs 15.3Mb
Flavors: r-release-macos-arm64, r-release-macos-x86_64, r-oldrel-macos-arm64, r-oldrel-macos-x86_64