Last updated on 2025-01-19 05:49:21 CET.
Flavor | Version | Tinstall | Tcheck | Ttotal | Status | Flags |
---|---|---|---|---|---|---|
r-devel-linux-x86_64-debian-clang | 0.1.0 | 3.67 | 34.08 | 37.75 | OK | |
r-devel-linux-x86_64-debian-gcc | 0.1.0 | 2.55 | 24.18 | 26.73 | OK | |
r-devel-linux-x86_64-fedora-clang | 0.1.0 | 62.35 | OK | |||
r-devel-linux-x86_64-fedora-gcc | 0.1.0 | 63.08 | OK | |||
r-devel-windows-x86_64 | 0.1.0 | 5.00 | 52.00 | 57.00 | OK | |
r-patched-linux-x86_64 | 0.1.0 | 3.52 | 32.39 | 35.91 | NOTE | |
r-release-linux-x86_64 | 0.1.0 | 3.42 | 32.53 | 35.95 | NOTE | |
r-release-macos-arm64 | 0.1.0 | 22.00 | NOTE | |||
r-release-macos-x86_64 | 0.1.0 | 34.00 | NOTE | |||
r-release-windows-x86_64 | 0.1.0 | 5.00 | 54.00 | 59.00 | NOTE | |
r-oldrel-macos-arm64 | 0.1.0 | 24.00 | NOTE | |||
r-oldrel-macos-x86_64 | 0.1.0 | 34.00 | NOTE | |||
r-oldrel-windows-x86_64 | 0.1.0 | 5.00 | 59.00 | 64.00 | NOTE |
Version: 0.1.0
Check: LazyData
Result: NOTE
'LazyData' is specified without a 'data' directory
Flavors: r-patched-linux-x86_64, r-release-linux-x86_64, r-release-macos-arm64, r-release-macos-x86_64, r-release-windows-x86_64, r-oldrel-macos-arm64, r-oldrel-macos-x86_64, r-oldrel-windows-x86_64