Last updated on 2025-01-19 05:49:21 CET.
Flavor | Version | Tinstall | Tcheck | Ttotal | Status | Flags |
---|---|---|---|---|---|---|
r-devel-linux-x86_64-debian-clang | 0.1.6 | 48.54 | 440.18 | 488.72 | OK | |
r-devel-linux-x86_64-debian-gcc | 0.1.6 | 35.77 | 321.34 | 357.11 | OK | |
r-devel-linux-x86_64-fedora-clang | 0.1.6 | 842.90 | OK | |||
r-devel-linux-x86_64-fedora-gcc | 0.1.6 | 824.84 | OK | |||
r-devel-windows-x86_64 | 0.1.6 | 50.00 | 368.00 | 418.00 | OK | |
r-patched-linux-x86_64 | 0.1.6 | 44.46 | 405.69 | 450.15 | OK | |
r-release-linux-x86_64 | 0.1.6 | 42.87 | 404.47 | 447.34 | OK | |
r-release-macos-arm64 | 0.1.6 | 145.00 | OK | |||
r-release-macos-x86_64 | 0.1.6 | 245.00 | OK | |||
r-release-windows-x86_64 | 0.1.6 | 48.00 | 365.00 | 413.00 | OK | |
r-oldrel-macos-arm64 | 0.1.6 | 11.00 | ERROR | |||
r-oldrel-macos-x86_64 | 0.1.6 | 11.00 | ERROR | |||
r-oldrel-windows-x86_64 | 0.1.6 | 64.00 | 498.00 | 562.00 | OK |
Version: 0.1.6
Check: package dependencies
Result: ERROR
Package required but not available: ‘GSVA’
See section ‘The DESCRIPTION file’ in the ‘Writing R Extensions’
manual.
Flavors: r-oldrel-macos-arm64, r-oldrel-macos-x86_64