Last updated on 2024-04-21 12:54:14 CEST.
Flavor | Version | Tinstall | Tcheck | Ttotal | Status | Flags |
---|---|---|---|---|---|---|
r-devel-linux-x86_64-debian-clang | 0.0.5 | 0.55 | 1.94 | 2.49 | ERROR | |
r-devel-linux-x86_64-debian-gcc | 0.0.5 | 16.67 | 137.80 | 154.47 | NOTE | |
r-devel-linux-x86_64-fedora-clang | 0.0.5 | 263.76 | NOTE | |||
r-devel-linux-x86_64-fedora-gcc | 0.0.5 | 248.33 | NOTE | |||
r-prerel-macos-arm64 | 0.0.5 | 66.00 | NOTE | |||
r-prerel-macos-x86_64 | 0.0.5 | 131.00 | NOTE | |||
r-prerel-windows-x86_64 | 0.0.5 | 21.00 | 139.00 | 160.00 | NOTE | |
r-patched-linux-x86_64 | 0.0.5 | 26.53 | 175.61 | 202.14 | NOTE | |
r-release-linux-x86_64 | 0.0.5 | 21.43 | 187.41 | 208.84 | NOTE | |
r-release-macos-arm64 | 0.0.5 | 72.00 | NOTE | |||
r-release-macos-x86_64 | 0.0.5 | 123.00 | NOTE | |||
r-release-windows-x86_64 | 0.0.5 | 26.00 | 183.00 | 209.00 | NOTE | |
r-oldrel-macos-arm64 | 0.0.5 | 66.00 | NOTE | |||
r-oldrel-windows-x86_64 | 0.0.5 | 27.00 | 180.00 | 207.00 | NOTE |
Version: 0.0.5
Check: package dependencies
Result: ERROR
Package required but not available: ‘Biostrings’
See section ‘The DESCRIPTION file’ in the ‘Writing R Extensions’
manual.
Flavor: r-devel-linux-x86_64-debian-clang
Version: 0.0.5
Check: LazyData
Result: NOTE
'LazyData' is specified without a 'data' directory
Flavors: r-devel-linux-x86_64-debian-gcc, r-devel-linux-x86_64-fedora-clang, r-devel-linux-x86_64-fedora-gcc, r-prerel-macos-arm64, r-prerel-macos-x86_64, r-prerel-windows-x86_64, r-patched-linux-x86_64, r-release-linux-x86_64, r-release-macos-arm64, r-release-macos-x86_64, r-release-windows-x86_64, r-oldrel-macos-arm64, r-oldrel-windows-x86_64