CRAN Package Check Results for Package SMITIDstruct

Last updated on 2025-01-19 05:49:21 CET.

Flavor Version Tinstall Tcheck Ttotal Status Flags
r-devel-linux-x86_64-debian-clang 0.0.5 17.97 153.70 171.67 OK
r-devel-linux-x86_64-debian-gcc 0.0.5 13.82 110.06 123.88 OK
r-devel-linux-x86_64-fedora-clang 0.0.5 273.37 OK
r-devel-linux-x86_64-fedora-gcc 0.0.5 268.51 OK
r-devel-windows-x86_64 0.0.5 21.00 134.00 155.00 OK
r-patched-linux-x86_64 0.0.5 19.10 138.53 157.63 NOTE
r-release-linux-x86_64 0.0.5 17.70 137.50 155.20 NOTE
r-release-macos-arm64 0.0.5 66.00 NOTE
r-release-macos-x86_64 0.0.5 105.00 NOTE
r-release-windows-x86_64 0.0.5 20.00 133.00 153.00 NOTE
r-oldrel-macos-arm64 0.0.5 72.00 NOTE
r-oldrel-macos-x86_64 0.0.5 123.00 NOTE
r-oldrel-windows-x86_64 0.0.5 25.00 178.00 203.00 NOTE

Check Details

Version: 0.0.5
Check: LazyData
Result: NOTE 'LazyData' is specified without a 'data' directory Flavors: r-patched-linux-x86_64, r-release-linux-x86_64, r-release-macos-arm64, r-release-macos-x86_64, r-release-windows-x86_64, r-oldrel-macos-arm64, r-oldrel-macos-x86_64, r-oldrel-windows-x86_64