Last updated on 2025-01-19 05:49:21 CET.
Flavor | Version | Tinstall | Tcheck | Ttotal | Status | Flags |
---|---|---|---|---|---|---|
r-devel-linux-x86_64-debian-clang | 1.1.1 | 33.02 | 29.48 | 62.50 | NOTE | |
r-devel-linux-x86_64-debian-gcc | 1.1.1 | 25.28 | 21.86 | 47.14 | NOTE | |
r-devel-linux-x86_64-fedora-clang | 1.1.1 | 111.06 | NOTE | |||
r-devel-linux-x86_64-fedora-gcc | 1.1.1 | 126.48 | NOTE | |||
r-devel-windows-x86_64 | 1.1.1 | 34.00 | 72.00 | 106.00 | NOTE | |
r-patched-linux-x86_64 | 1.1.1 | 35.01 | 27.48 | 62.49 | NOTE | |
r-release-linux-x86_64 | 1.1.1 | 34.64 | 27.42 | 62.06 | NOTE | |
r-release-macos-arm64 | 1.1.1 | 38.00 | NOTE | |||
r-release-macos-x86_64 | 1.1.1 | 48.00 | NOTE | |||
r-release-windows-x86_64 | 1.1.1 | 32.00 | 68.00 | 100.00 | NOTE | |
r-oldrel-macos-arm64 | 1.1.1 | 37.00 | NOTE | |||
r-oldrel-macos-x86_64 | 1.1.1 | 59.00 | NOTE | |||
r-oldrel-windows-x86_64 | 1.1.1 | 41.00 | 79.00 | 120.00 | NOTE |
Version: 1.1.1
Check: C++ specification
Result: NOTE
Specified C++11: please drop specification unless essential
Flavors: r-devel-linux-x86_64-debian-clang, r-devel-linux-x86_64-debian-gcc, r-devel-linux-x86_64-fedora-clang, r-devel-linux-x86_64-fedora-gcc, r-devel-windows-x86_64, r-patched-linux-x86_64, r-release-linux-x86_64, r-release-macos-arm64, r-release-macos-x86_64, r-release-windows-x86_64, r-oldrel-macos-arm64, r-oldrel-macos-x86_64, r-oldrel-windows-x86_64