Last updated on 2025-01-19 05:49:22 CET.
Flavor | Version | Tinstall | Tcheck | Ttotal | Status | Flags |
---|---|---|---|---|---|---|
r-devel-linux-x86_64-debian-clang | 1.1.2 | 12.35 | 100.09 | 112.44 | OK | |
r-devel-linux-x86_64-debian-gcc | 1.1.2 | 8.93 | 71.49 | 80.42 | OK | |
r-devel-linux-x86_64-fedora-clang | 1.1.2 | 177.77 | NOTE | |||
r-devel-linux-x86_64-fedora-gcc | 1.1.2 | 172.66 | NOTE | |||
r-devel-windows-x86_64 | 1.1.2 | 15.00 | 103.00 | 118.00 | OK | |
r-patched-linux-x86_64 | 1.1.2 | 11.97 | 90.16 | 102.13 | OK | |
r-release-linux-x86_64 | 1.1.2 | 12.14 | 90.27 | 102.41 | OK | |
r-release-macos-arm64 | 1.1.2 | 43.00 | OK | |||
r-release-macos-x86_64 | 1.1.2 | 69.00 | OK | |||
r-release-windows-x86_64 | 1.1.2 | 15.00 | 103.00 | 118.00 | OK | |
r-oldrel-macos-arm64 | 1.1.2 | 51.00 | OK | |||
r-oldrel-macos-x86_64 | 1.1.2 | 84.00 | OK | |||
r-oldrel-windows-x86_64 | 1.1.2 | 16.00 | 126.00 | 142.00 | OK |
Version: 1.1.2
Check: dependencies in R code
Result: NOTE
Namespace in Imports field not imported from: ‘rlist’
All declared Imports should be used.
Flavors: r-devel-linux-x86_64-fedora-clang, r-devel-linux-x86_64-fedora-gcc