CRAN Package Check Results for Package SP2000

Last updated on 2025-01-19 05:49:22 CET.

Flavor Version Tinstall Tcheck Ttotal Status Flags
r-devel-linux-x86_64-debian-clang 0.2.0 7.01 52.26 59.27 OK
r-devel-linux-x86_64-debian-gcc 0.2.0 3.72 38.15 41.87 OK
r-devel-linux-x86_64-fedora-clang 0.2.0 95.54 OK
r-devel-linux-x86_64-fedora-gcc 0.2.0 94.32 OK
r-devel-windows-x86_64 0.2.0 9.00 67.00 76.00 OK
r-patched-linux-x86_64 0.2.0 6.65 48.13 54.78 NOTE
r-release-linux-x86_64 0.2.0 5.21 48.10 53.31 NOTE
r-release-macos-arm64 0.2.0 29.00 NOTE
r-release-macos-x86_64 0.2.0 45.00 NOTE
r-release-windows-x86_64 0.2.0 8.00 68.00 76.00 NOTE
r-oldrel-macos-arm64 0.2.0 29.00 NOTE
r-oldrel-macos-x86_64 0.2.0 47.00 NOTE
r-oldrel-windows-x86_64 0.2.0 9.00 80.00 89.00 NOTE

Check Details

Version: 0.2.0
Check: LazyData
Result: NOTE 'LazyData' is specified without a 'data' directory Flavors: r-patched-linux-x86_64, r-release-linux-x86_64, r-release-macos-arm64, r-release-macos-x86_64, r-release-windows-x86_64, r-oldrel-macos-arm64, r-oldrel-macos-x86_64, r-oldrel-windows-x86_64