Last updated on 2024-05-01 16:53:12 CEST.
Flavor | Version | Tinstall | Tcheck | Ttotal | Status | Flags |
---|---|---|---|---|---|---|
r-devel-linux-x86_64-debian-clang | 1.2.0 | 32.86 | 589.92 | 622.78 | OK | |
r-devel-linux-x86_64-debian-gcc | 1.2.0 | 25.11 | 475.19 | 500.30 | OK | |
r-devel-linux-x86_64-fedora-clang | 1.2.0 | 811.76 | NOTE | |||
r-devel-linux-x86_64-fedora-gcc | 1.2.0 | 900.56 | NOTE | |||
r-devel-windows-x86_64 | 1.2.0 | 28.00 | 626.00 | 654.00 | OK | |
r-patched-linux-x86_64 | 1.2.0 | 27.69 | 642.19 | 669.88 | OK | |
r-release-linux-x86_64 | 1.2.0 | 22.58 | 663.07 | 685.65 | OK | |
r-release-macos-arm64 | 1.2.0 | 284.00 | OK | |||
r-release-windows-x86_64 | 1.2.0 | 28.00 | 663.00 | 691.00 | OK | |
r-oldrel-macos-arm64 | 1.2.0 | 350.00 | OK | |||
r-oldrel-macos-x86_64 | 1.2.0 | 502.00 | OK | |||
r-oldrel-windows-x86_64 | 1.2.0 | 32.00 | 715.00 | 747.00 | OK |
Version: 1.2.0
Check: dependencies in R code
Result: NOTE
Namespaces in Imports field not imported from:
‘future’ ‘geosphere’ ‘lubridate’ ‘tidyverse’ ‘viridis’
All declared Imports should be used.
Flavors: r-devel-linux-x86_64-fedora-clang, r-devel-linux-x86_64-fedora-gcc