Last updated on 2025-01-19 05:49:22 CET.
Flavor | Version | Tinstall | Tcheck | Ttotal | Status | Flags |
---|---|---|---|---|---|---|
r-devel-linux-x86_64-debian-clang | 2024.1.31 | 87.50 | 107.90 | 195.40 | OK | |
r-devel-linux-x86_64-debian-gcc | 2024.1.31 | 73.28 | 84.59 | 157.87 | OK | |
r-devel-linux-x86_64-fedora-clang | 2024.1.31 | 302.94 | OK | |||
r-devel-linux-x86_64-fedora-gcc | 2024.1.31 | 410.26 | OK | |||
r-devel-windows-x86_64 | 2024.1.31 | 82.00 | 134.00 | 216.00 | OK | |
r-patched-linux-x86_64 | 2024.1.31 | 104.55 | 104.76 | 209.31 | OK | |
r-release-linux-x86_64 | 2024.1.31 | 100.94 | 103.43 | 204.37 | OK | |
r-release-macos-arm64 | 2024.1.31 | 88.00 | NOTE | |||
r-release-macos-x86_64 | 2024.1.31 | 146.00 | NOTE | |||
r-release-windows-x86_64 | 2024.1.31 | 82.00 | 133.00 | 215.00 | NOTE | |
r-oldrel-macos-arm64 | 2024.1.31 | 93.00 | NOTE | |||
r-oldrel-macos-x86_64 | 2024.1.31 | 208.00 | NOTE | |||
r-oldrel-windows-x86_64 | 2024.1.31 | 82.00 | 164.00 | 246.00 | NOTE |
Version: 2024.1.31
Check: installed package size
Result: NOTE
installed size is 47.1Mb
sub-directories of 1Mb or more:
libs 46.3Mb
Flavors: r-release-macos-arm64, r-release-macos-x86_64, r-release-windows-x86_64, r-oldrel-macos-arm64, r-oldrel-macos-x86_64, r-oldrel-windows-x86_64