Last updated on 2025-01-19 05:49:22 CET.
Flavor | Version | Tinstall | Tcheck | Ttotal | Status | Flags |
---|---|---|---|---|---|---|
r-devel-linux-x86_64-debian-clang | 1.2 | 21.34 | 22.92 | 44.26 | NOTE | |
r-devel-linux-x86_64-debian-gcc | 1.2 | 16.47 | 18.63 | 35.10 | NOTE | |
r-devel-linux-x86_64-fedora-clang | 1.2 | 87.06 | NOTE | |||
r-devel-linux-x86_64-fedora-gcc | 1.2 | 88.68 | NOTE | |||
r-devel-windows-x86_64 | 1.2 | 26.00 | 65.00 | 91.00 | NOTE | |
r-patched-linux-x86_64 | 1.2 | 21.88 | 21.81 | 43.69 | NOTE | |
r-release-linux-x86_64 | 1.2 | 23.64 | 22.17 | 45.81 | NOTE | |
r-release-macos-arm64 | 1.2 | 25.00 | NOTE | |||
r-release-macos-x86_64 | 1.2 | 34.00 | NOTE | |||
r-release-windows-x86_64 | 1.2 | 26.00 | 62.00 | 88.00 | NOTE | |
r-oldrel-macos-arm64 | 1.2 | 27.00 | NOTE | |||
r-oldrel-macos-x86_64 | 1.2 | 43.00 | NOTE | |||
r-oldrel-windows-x86_64 | 1.2 | 31.00 | 71.00 | 102.00 | NOTE |
Version: 1.2
Check: C++ specification
Result: NOTE
Specified C++11: please drop specification unless essential
Flavors: r-devel-linux-x86_64-debian-clang, r-devel-linux-x86_64-debian-gcc, r-devel-linux-x86_64-fedora-clang, r-devel-linux-x86_64-fedora-gcc, r-devel-windows-x86_64, r-patched-linux-x86_64, r-release-linux-x86_64, r-release-macos-arm64, r-release-macos-x86_64, r-release-windows-x86_64, r-oldrel-macos-arm64, r-oldrel-macos-x86_64, r-oldrel-windows-x86_64