Last updated on 2024-04-17 13:57:45 CEST.
Flavor | Version | Tinstall | Tcheck | Ttotal | Status | Flags |
---|---|---|---|---|---|---|
r-devel-linux-x86_64-debian-clang | 0.2.9 | 63.02 | 608.53 | 671.55 | OK | |
r-devel-linux-x86_64-debian-gcc | 0.2.9 | 51.57 | 435.44 | 487.01 | OK | |
r-devel-linux-x86_64-fedora-clang | 0.2.9 | 821.62 | NOTE | |||
r-devel-linux-x86_64-fedora-gcc | 0.2.9 | 785.48 | OK | |||
r-prerel-macos-arm64 | 0.2.9 | 212.00 | OK | |||
r-prerel-windows-x86_64 | 0.2.9 | 53.00 | 389.00 | 442.00 | OK | |
r-patched-linux-x86_64 | 0.2.9 | 66.60 | 571.18 | 637.78 | OK | |
r-release-linux-x86_64 | 0.2.9 | 57.27 | 591.75 | 649.02 | OK | |
r-release-macos-arm64 | 0.2.9 | 235.00 | OK | |||
r-release-macos-x86_64 | 0.2.9 | 490.00 | OK | |||
r-release-windows-x86_64 | 0.2.9 | 71.00 | 566.00 | 637.00 | OK | |
r-oldrel-macos-arm64 | 0.2.9 | 233.00 | OK | |||
r-oldrel-windows-x86_64 | 0.2.9 | 74.00 | 526.00 | 600.00 | OK |
Version: 0.2.9
Check: package dependencies
Result: NOTE
Imports includes 24 non-default packages.
Importing from so many packages makes the package vulnerable to any of
them becoming unavailable. Move as many as possible to Suggests and
use conditionally.
Flavor: r-devel-linux-x86_64-fedora-clang