Last updated on 2025-01-19 05:49:22 CET.
Flavor | Version | Tinstall | Tcheck | Ttotal | Status | Flags |
---|---|---|---|---|---|---|
r-devel-linux-x86_64-debian-clang | 0.9.3.3 | 28.30 | 227.05 | 255.35 | NOTE | |
r-devel-linux-x86_64-debian-gcc | 0.9.3.3 | 19.75 | 162.44 | 182.19 | NOTE | |
r-devel-linux-x86_64-fedora-clang | 0.9.3.3 | 415.16 | OK | |||
r-devel-linux-x86_64-fedora-gcc | 0.9.3.3 | 434.02 | OK | |||
r-devel-windows-x86_64 | 0.9.3.3 | 35.00 | 235.00 | 270.00 | NOTE | |
r-patched-linux-x86_64 | 0.9.3.3 | 37.38 | 208.13 | 245.51 | OK | |
r-release-linux-x86_64 | 0.9.3.3 | 27.67 | 208.35 | 236.02 | OK | |
r-release-macos-arm64 | 0.9.3.3 | 118.00 | OK | |||
r-release-macos-x86_64 | 0.9.3.3 | 276.00 | OK | |||
r-release-windows-x86_64 | 0.9.3.3 | 31.00 | 236.00 | 267.00 | OK | |
r-oldrel-macos-arm64 | 0.9.3.3 | 131.00 | OK | |||
r-oldrel-macos-x86_64 | 0.9.3.3 | 248.00 | OK | |||
r-oldrel-windows-x86_64 | 0.9.3.3 | 41.00 | 312.00 | 353.00 | OK |
Version: 0.9.3.3
Check: Rd cross-references
Result: NOTE
Found the following Rd file(s) with Rd \link{} targets missing package
anchors:
LinearTSVMSSLR.Rd: SVM
Please provide package anchors for all Rd \link{} targets not in the
package itself and the base packages.
Flavors: r-devel-linux-x86_64-debian-clang, r-devel-linux-x86_64-debian-gcc, r-devel-windows-x86_64