CRAN Package Check Results for Package SSOSVM

Last updated on 2025-01-19 05:49:22 CET.

Flavor Version Tinstall Tcheck Ttotal Status Flags
r-devel-linux-x86_64-debian-clang 0.2.1 21.86 23.77 45.63 NOTE
r-devel-linux-x86_64-debian-gcc 0.2.1 17.13 19.73 36.86 NOTE
r-devel-linux-x86_64-fedora-clang 0.2.1 87.70 NOTE
r-devel-linux-x86_64-fedora-gcc 0.2.1 92.71 NOTE
r-devel-windows-x86_64 0.2.1 27.00 60.00 87.00 NOTE
r-patched-linux-x86_64 0.2.1 22.34 22.91 45.25 NOTE
r-release-linux-x86_64 0.2.1 24.47 22.68 47.15 NOTE
r-release-macos-arm64 0.2.1 26.00 NOTE
r-release-macos-x86_64 0.2.1 35.00 NOTE
r-release-windows-x86_64 0.2.1 25.00 63.00 88.00 NOTE
r-oldrel-macos-arm64 0.2.1 28.00 NOTE
r-oldrel-macos-x86_64 0.2.1 45.00 NOTE
r-oldrel-windows-x86_64 0.2.1 30.00 72.00 102.00 NOTE

Check Details

Version: 0.2.1
Check: C++ specification
Result: NOTE Specified C++11: please drop specification unless essential Flavors: r-devel-linux-x86_64-debian-clang, r-devel-linux-x86_64-debian-gcc, r-devel-linux-x86_64-fedora-clang, r-devel-linux-x86_64-fedora-gcc, r-devel-windows-x86_64, r-patched-linux-x86_64, r-release-linux-x86_64, r-release-macos-arm64, r-release-macos-x86_64, r-release-windows-x86_64, r-oldrel-macos-arm64, r-oldrel-macos-x86_64, r-oldrel-windows-x86_64

Version: 0.2.1
Check: package subdirectories
Result: NOTE Problems with news in ‘NEWS.md’: No news entries found. Flavors: r-devel-linux-x86_64-debian-clang, r-devel-linux-x86_64-debian-gcc, r-devel-linux-x86_64-fedora-clang, r-devel-linux-x86_64-fedora-gcc, r-devel-windows-x86_64, r-patched-linux-x86_64, r-release-linux-x86_64, r-release-macos-arm64, r-release-macos-x86_64, r-release-windows-x86_64, r-oldrel-macos-arm64, r-oldrel-macos-x86_64, r-oldrel-windows-x86_64

Version: 0.2.1
Check: dependencies in R code
Result: NOTE Namespace in Imports field not imported from: ‘MASS’ All declared Imports should be used. Flavors: r-devel-linux-x86_64-fedora-clang, r-devel-linux-x86_64-fedora-gcc