CRAN Package Check Results for Package SWMPrExtension

Last updated on 2025-01-19 05:49:23 CET.

Flavor Version Tinstall Tcheck Ttotal Status Flags
r-devel-linux-x86_64-debian-clang 2.2.5.1 22.98 179.87 202.85 NOTE
r-devel-linux-x86_64-debian-gcc 2.2.5.1 14.18 125.09 139.27 NOTE
r-devel-linux-x86_64-fedora-clang 2.2.5.1 310.60 OK
r-devel-linux-x86_64-fedora-gcc 2.2.5.1 314.43 OK
r-devel-windows-x86_64 2.2.5.1 23.00 200.00 223.00 NOTE
r-patched-linux-x86_64 2.2.5.1 28.23 167.79 196.02 OK
r-release-linux-x86_64 2.2.5.1 21.62 167.25 188.87 OK
r-release-macos-arm64 2.2.5.1 97.00 OK
r-release-macos-x86_64 2.2.5.1 146.00 OK
r-release-windows-x86_64 2.2.5.1 23.00 201.00 224.00 OK
r-oldrel-macos-arm64 2.2.5.1 98.00 OK
r-oldrel-macos-x86_64 2.2.5.1 211.00 OK
r-oldrel-windows-x86_64 2.2.5.1 31.00 240.00 271.00 OK

Check Details

Version: 2.2.5.1
Check: Rd cross-references
Result: NOTE Found the following Rd file(s) with Rd \link{} targets missing package anchors: import_local_nut.Rd: rem_reps, all_params, all_params_dtrng, single_param Please provide package anchors for all Rd \link{} targets not in the package itself and the base packages. Flavors: r-devel-linux-x86_64-debian-clang, r-devel-linux-x86_64-debian-gcc, r-devel-windows-x86_64