Last updated on 2024-04-24 19:55:23 CEST.
Flavor | Version | Tinstall | Tcheck | Ttotal | Status | Flags |
---|---|---|---|---|---|---|
r-devel-linux-x86_64-debian-clang | 1.0 | 20.41 | 34.01 | 54.42 | NOTE | |
r-devel-linux-x86_64-debian-gcc | 1.0 | 18.60 | 26.36 | 44.96 | NOTE | |
r-devel-linux-x86_64-fedora-clang | 1.0 | 80.23 | NOTE | |||
r-devel-linux-x86_64-fedora-gcc | 1.0 | 73.23 | NOTE | |||
r-devel-windows-x86_64 | 1.0 | 22.00 | 65.00 | 87.00 | NOTE | |
r-patched-linux-x86_64 | 1.0 | 22.44 | 33.15 | 55.59 | NOTE | |
r-release-linux-x86_64 | 1.0 | 21.19 | 33.73 | 54.92 | NOTE | |
r-release-macos-arm64 | 1.0 | 26.00 | NOTE | |||
r-release-windows-x86_64 | 1.0 | 20.00 | 65.00 | 85.00 | NOTE | |
r-oldrel-macos-arm64 | 1.0 | 31.00 | NOTE | |||
r-oldrel-macos-x86_64 | 1.0 | 40.00 | NOTE | |||
r-oldrel-windows-x86_64 | 1.0 | 22.00 | 74.00 | 96.00 | NOTE |
Version: 1.0
Check: C++ specification
Result: NOTE
Specified C++11: please drop specification unless essential
Flavors: r-devel-linux-x86_64-debian-clang, r-devel-linux-x86_64-debian-gcc, r-devel-linux-x86_64-fedora-clang, r-devel-linux-x86_64-fedora-gcc, r-devel-windows-x86_64, r-patched-linux-x86_64, r-release-linux-x86_64, r-release-macos-arm64, r-release-windows-x86_64, r-oldrel-macos-x86_64, r-oldrel-windows-x86_64
Version: 1.0
Check: for GNU extensions in Makefiles
Result: NOTE
GNU make is a SystemRequirements.
Flavors: r-devel-linux-x86_64-debian-clang, r-devel-linux-x86_64-debian-gcc, r-devel-linux-x86_64-fedora-clang, r-devel-linux-x86_64-fedora-gcc, r-devel-windows-x86_64, r-patched-linux-x86_64, r-release-linux-x86_64, r-release-macos-arm64, r-release-windows-x86_64, r-oldrel-macos-arm64, r-oldrel-macos-x86_64, r-oldrel-windows-x86_64