CRAN Package Check Results for Package ScorePlus

Last updated on 2025-01-19 05:49:20 CET.

Flavor Version Tinstall Tcheck Ttotal Status Flags
r-devel-linux-x86_64-debian-clang 0.1 6.39 54.32 60.71 OK
r-devel-linux-x86_64-debian-gcc 0.1 4.91 41.54 46.45 OK
r-devel-linux-x86_64-fedora-clang 0.1 94.79 OK
r-devel-linux-x86_64-fedora-gcc 0.1 98.53 OK
r-devel-windows-x86_64 0.1 7.00 69.00 76.00 OK
r-patched-linux-x86_64 0.1 5.74 51.54 57.28 NOTE
r-release-linux-x86_64 0.1 5.27 51.51 56.78 NOTE
r-release-macos-arm64 0.1 30.00 NOTE
r-release-macos-x86_64 0.1 50.00 NOTE
r-release-windows-x86_64 0.1 7.00 68.00 75.00 NOTE
r-oldrel-macos-arm64 0.1 33.00 NOTE
r-oldrel-macos-x86_64 0.1 51.00 NOTE
r-oldrel-windows-x86_64 0.1 8.00 80.00 88.00 NOTE

Check Details

Version: 0.1
Check: LazyData
Result: NOTE 'LazyData' is specified without a 'data' directory Flavors: r-patched-linux-x86_64, r-release-linux-x86_64, r-release-macos-arm64, r-release-macos-x86_64, r-release-windows-x86_64, r-oldrel-macos-arm64, r-oldrel-macos-x86_64, r-oldrel-windows-x86_64